{"id":100,"date":"2017-04-07T18:45:58","date_gmt":"2017-04-07T16:45:58","guid":{"rendered":"http:\/\/anaisinparis.com\/blog\/?page_id=100"},"modified":"2018-08-25T15:11:59","modified_gmt":"2018-08-25T13:11:59","slug":"pont-gare-2","status":"publish","type":"page","link":"https:\/\/anaisinparis.com\/blog\/index.php\/architecture\/pont-gare-2\/","title":{"rendered":"PONT-GARE"},"content":{"rendered":"<p>Cette esquisse de projet a \u00e9t\u00e9 r\u00e9alis\u00e9e dans le cadre scolaire lors de ma premi\u00e8re ann\u00e9e de Licence en \u00e9cole d&rsquo;architecture de Paris La Villette &#8211;\u00a0D\u00e9cembre 2013 \u00e0 Janvier 2014.<\/p>\n<p>Le projet se situait \u00e0 Ivry sur Seine et il s&rsquo;agissait de r\u00e9aliser une nouvelle gare du RER qui prendrait place sur un pont. Les enjeux \u00e9taient de r\u00e9aliser une connexion avec les diff\u00e9rentes lignes de bus et de faciliter la sortie de la gare aux 4 coins du pont. Mon projet a \u00e9t\u00e9 de r\u00e9aliser un parvis en \u00e9largissant les trottoirs et de regrouper les lignes de bus au sein d&rsquo;un couloir central agr\u00e9ment\u00e9 de 2 quais. La\u00a0 forme prise par la gare serait une voile \u00e9lanc\u00e9e, un objet marqu\u00e9 d&rsquo;une fente au milieu de laquelle les voies de circulation de bus et d&rsquo;automobiles prendraient place.<\/p>\n<figure id=\"attachment_120\" aria-describedby=\"caption-attachment-120\" style=\"width: 150px\" class=\"wp-caption alignleft\"><a href=\"http:\/\/anaisinparis.com\/blog\/wp-content\/uploads\/2017\/04\/L1S1_pontgare-plan2.jpg\"><img loading=\"lazy\" decoding=\"async\" class=\"wp-image-120 size-thumbnail\" title=\"Plan des quais\" src=\"http:\/\/anaisinparis.com\/blog\/wp-content\/uploads\/2017\/04\/L1S1_pontgare-plan2-150x150.jpg\" alt=\"\" width=\"150\" height=\"150\" \/><\/a><figcaption id=\"caption-attachment-120\" class=\"wp-caption-text\">Plan des quais<\/figcaption><\/figure>\n<figure id=\"attachment_119\" aria-describedby=\"caption-attachment-119\" style=\"width: 150px\" class=\"wp-caption alignleft\"><a href=\"http:\/\/anaisinparis.com\/blog\/wp-content\/uploads\/2017\/04\/L1S1_pontgare-plan1.jpg\"><img loading=\"lazy\" decoding=\"async\" class=\"wp-image-119 size-thumbnail\" title=\"Plan de la gare\" src=\"http:\/\/anaisinparis.com\/blog\/wp-content\/uploads\/2017\/04\/L1S1_pontgare-plan1-150x150.jpg\" alt=\"\" width=\"150\" height=\"150\" \/><\/a><figcaption id=\"caption-attachment-119\" class=\"wp-caption-text\">Plan de la gare<\/figcaption><\/figure>\n<figure id=\"attachment_121\" aria-describedby=\"caption-attachment-121\" style=\"width: 150px\" class=\"wp-caption alignleft\"><a href=\"http:\/\/anaisinparis.com\/blog\/wp-content\/uploads\/2017\/04\/L1S1_pontgare-plan3.jpg\"><img loading=\"lazy\" decoding=\"async\" class=\"wp-image-121 size-thumbnail\" title=\"Vue de dessus\" src=\"http:\/\/anaisinparis.com\/blog\/wp-content\/uploads\/2017\/04\/L1S1_pontgare-plan3-150x150.jpg\" alt=\"\" width=\"150\" height=\"150\" \/><\/a><figcaption id=\"caption-attachment-121\" class=\"wp-caption-text\">Vue de dessus<\/figcaption><\/figure>\n<figure id=\"attachment_113\" aria-describedby=\"caption-attachment-113\" style=\"width: 150px\" class=\"wp-caption alignleft\"><a href=\"http:\/\/anaisinparis.com\/blog\/wp-content\/uploads\/2017\/04\/L1S1_pontgare-pers1.jpg\"><img loading=\"lazy\" decoding=\"async\" class=\"wp-image-113 size-thumbnail\" title=\"Croquis vue des quais\" src=\"http:\/\/anaisinparis.com\/blog\/wp-content\/uploads\/2017\/04\/L1S1_pontgare-pers1-150x150.jpg\" alt=\"\" width=\"150\" height=\"150\" \/><\/a><figcaption id=\"caption-attachment-113\" class=\"wp-caption-text\">Croquis vue des quais<\/figcaption><\/figure>\n<figure id=\"attachment_114\" aria-describedby=\"caption-attachment-114\" style=\"width: 150px\" class=\"wp-caption alignleft\"><a href=\"http:\/\/anaisinparis.com\/blog\/wp-content\/uploads\/2017\/04\/L1S1_pontgare-ph1.jpg\"><img loading=\"lazy\" decoding=\"async\" class=\"wp-image-114 size-thumbnail\" title=\"Maquette de dessus\" src=\"http:\/\/anaisinparis.com\/blog\/wp-content\/uploads\/2017\/04\/L1S1_pontgare-ph1-150x150.jpg\" alt=\"\" width=\"150\" height=\"150\" \/><\/a><figcaption id=\"caption-attachment-114\" class=\"wp-caption-text\">Maquette de dessus<\/figcaption><\/figure>\n<figure id=\"attachment_118\" aria-describedby=\"caption-attachment-118\" style=\"width: 150px\" class=\"wp-caption alignleft\"><a href=\"http:\/\/anaisinparis.com\/blog\/wp-content\/uploads\/2017\/04\/L1S1_pontgare-ph5.jpg\"><img loading=\"lazy\" decoding=\"async\" class=\"wp-image-118 size-thumbnail\" title=\"Vue du Pont\" src=\"http:\/\/anaisinparis.com\/blog\/wp-content\/uploads\/2017\/04\/L1S1_pontgare-ph5-150x150.jpg\" alt=\"\" width=\"150\" height=\"150\" \/><\/a><figcaption id=\"caption-attachment-118\" class=\"wp-caption-text\">Vue du Pont<\/figcaption><\/figure>\n<figure id=\"attachment_115\" aria-describedby=\"caption-attachment-115\" style=\"width: 150px\" class=\"wp-caption alignleft\"><a href=\"http:\/\/anaisinparis.com\/blog\/wp-content\/uploads\/2017\/04\/L1S1_pontgare-ph2.jpg\"><img loading=\"lazy\" decoding=\"async\" class=\"wp-image-115 size-thumbnail\" title=\"Vue des quais\" src=\"http:\/\/anaisinparis.com\/blog\/wp-content\/uploads\/2017\/04\/L1S1_pontgare-ph2-150x150.jpg\" alt=\"\" width=\"150\" height=\"150\" \/><\/a><figcaption id=\"caption-attachment-115\" class=\"wp-caption-text\">Vue des quais<\/figcaption><\/figure>\n<figure id=\"attachment_116\" aria-describedby=\"caption-attachment-116\" style=\"width: 150px\" class=\"wp-caption alignleft\"><a href=\"http:\/\/anaisinparis.com\/blog\/wp-content\/uploads\/2017\/04\/L1S1_pontgare-ph3.jpg\"><img loading=\"lazy\" decoding=\"async\" class=\"wp-image-116 size-thumbnail\" title=\"Maquette du Pont-Gare\" src=\"http:\/\/anaisinparis.com\/blog\/wp-content\/uploads\/2017\/04\/L1S1_pontgare-ph3-150x150.jpg\" alt=\"\" width=\"150\" height=\"150\" \/><\/a><figcaption id=\"caption-attachment-116\" class=\"wp-caption-text\">Maquette du Pont-Gare<\/figcaption><\/figure>\n<p>&nbsp;<\/p>\n","protected":false},"excerpt":{"rendered":"<p>Cette esquisse de projet a \u00e9t\u00e9 r\u00e9alis\u00e9e dans le cadre scolaire lors de ma premi\u00e8re&#8230;<\/p>\n<div class=\"more-link-wrapper\"><a class=\"more-link\" href=\"https:\/\/anaisinparis.com\/blog\/index.php\/architecture\/pont-gare-2\/\">Read the post<span class=\"screen-reader-text\">PONT-GARE<\/span><\/a><\/div>\n","protected":false},"author":1,"featured_media":36,"parent":78,"menu_order":0,"comment_status":"closed","ping_status":"closed","template":"","meta":{"iawp_total_views":0,"footnotes":""},"class_list":["post-100","page","type-page","status-publish","has-post-thumbnail","hentry","excerpt","full-without-featured","even","excerpt-0"],"_links":{"self":[{"href":"https:\/\/anaisinparis.com\/blog\/index.php\/wp-json\/wp\/v2\/pages\/100","targetHints":{"allow":["GET"]}}],"collection":[{"href":"https:\/\/anaisinparis.com\/blog\/index.php\/wp-json\/wp\/v2\/pages"}],"about":[{"href":"https:\/\/anaisinparis.com\/blog\/index.php\/wp-json\/wp\/v2\/types\/page"}],"author":[{"embeddable":true,"href":"https:\/\/anaisinparis.com\/blog\/index.php\/wp-json\/wp\/v2\/users\/1"}],"replies":[{"embeddable":true,"href":"https:\/\/anaisinparis.com\/blog\/index.php\/wp-json\/wp\/v2\/comments?post=100"}],"version-history":[{"count":5,"href":"https:\/\/anaisinparis.com\/blog\/index.php\/wp-json\/wp\/v2\/pages\/100\/revisions"}],"predecessor-version":[{"id":575,"href":"https:\/\/anaisinparis.com\/blog\/index.php\/wp-json\/wp\/v2\/pages\/100\/revisions\/575"}],"up":[{"embeddable":true,"href":"https:\/\/anaisinparis.com\/blog\/index.php\/wp-json\/wp\/v2\/pages\/78"}],"wp:featuredmedia":[{"embeddable":true,"href":"https:\/\/anaisinparis.com\/blog\/index.php\/wp-json\/wp\/v2\/media\/36"}],"wp:attachment":[{"href":"https:\/\/anaisinparis.com\/blog\/index.php\/wp-json\/wp\/v2\/media?parent=100"}],"curies":[{"name":"wp","href":"https:\/\/api.w.org\/{rel}","templated":true}]}}

<p>Cette esquisse de projet a été réalisée dans le cadre scolaire lors de ma première année de Licence en école d&rsquo;architecture de Paris La Villette &#8211; Décembre 2013 à Janvier 2014.</p>
<p>Le projet se situait à Ivry sur Seine et il s&rsquo;agissait de réaliser une nouvelle gare du RER qui prendrait place sur un pont. Les enjeux étaient de réaliser une connexion avec les différentes lignes de bus et de faciliter la sortie de la gare aux 4 coins du pont. Mon projet a été de réaliser un parvis en élargissant les trottoirs et de regrouper les lignes de bus au sein d&rsquo;un couloir central agrémenté de 2 quais. La  forme prise par la gare serait une voile élancée, un objet marqué d&rsquo;une fente au milieu de laquelle les voies de circulation de bus et d&rsquo;automobiles prendraient place.</p>
<figure id="attachment_120" aria-describedby="caption-attachment-120" style="width: 150px" class="wp-caption alignleft"><a href="http://anaisinparis.com/blog/wp-content/uploads/2017/04/L1S1_pontgare-plan2.jpg"><img loading="lazy" decoding="async" class="wp-image-120 size-thumbnail" title="Plan des quais" src="http://anaisinparis.com/blog/wp-content/uploads/2017/04/L1S1_pontgare-plan2-150x150.jpg" alt="" width="150" height="150" /></a><figcaption id="caption-attachment-120" class="wp-caption-text">Plan des quais</figcaption></figure>
<figure id="attachment_119" aria-describedby="caption-attachment-119" style="width: 150px" class="wp-caption alignleft"><a href="http://anaisinparis.com/blog/wp-content/uploads/2017/04/L1S1_pontgare-plan1.jpg"><img loading="lazy" decoding="async" class="wp-image-119 size-thumbnail" title="Plan de la gare" src="http://anaisinparis.com/blog/wp-content/uploads/2017/04/L1S1_pontgare-plan1-150x150.jpg" alt="" width="150" height="150" /></a><figcaption id="caption-attachment-119" class="wp-caption-text">Plan de la gare</figcaption></figure>
<figure id="attachment_121" aria-describedby="caption-attachment-121" style="width: 150px" class="wp-caption alignleft"><a href="http://anaisinparis.com/blog/wp-content/uploads/2017/04/L1S1_pontgare-plan3.jpg"><img loading="lazy" decoding="async" class="wp-image-121 size-thumbnail" title="Vue de dessus" src="http://anaisinparis.com/blog/wp-content/uploads/2017/04/L1S1_pontgare-plan3-150x150.jpg" alt="" width="150" height="150" /></a><figcaption id="caption-attachment-121" class="wp-caption-text">Vue de dessus</figcaption></figure>
<figure id="attachment_113" aria-describedby="caption-attachment-113" style="width: 150px" class="wp-caption alignleft"><a href="http://anaisinparis.com/blog/wp-content/uploads/2017/04/L1S1_pontgare-pers1.jpg"><img loading="lazy" decoding="async" class="wp-image-113 size-thumbnail" title="Croquis vue des quais" src="http://anaisinparis.com/blog/wp-content/uploads/2017/04/L1S1_pontgare-pers1-150x150.jpg" alt="" width="150" height="150" /></a><figcaption id="caption-attachment-113" class="wp-caption-text">Croquis vue des quais</figcaption></figure>
<figure id="attachment_114" aria-describedby="caption-attachment-114" style="width: 150px" class="wp-caption alignleft"><a href="http://anaisinparis.com/blog/wp-content/uploads/2017/04/L1S1_pontgare-ph1.jpg"><img loading="lazy" decoding="async" class="wp-image-114 size-thumbnail" title="Maquette de dessus" src="http://anaisinparis.com/blog/wp-content/uploads/2017/04/L1S1_pontgare-ph1-150x150.jpg" alt="" width="150" height="150" /></a><figcaption id="caption-attachment-114" class="wp-caption-text">Maquette de dessus</figcaption></figure>
<figure id="attachment_118" aria-describedby="caption-attachment-118" style="width: 150px" class="wp-caption alignleft"><a href="http://anaisinparis.com/blog/wp-content/uploads/2017/04/L1S1_pontgare-ph5.jpg"><img loading="lazy" decoding="async" class="wp-image-118 size-thumbnail" title="Vue du Pont" src="http://anaisinparis.com/blog/wp-content/uploads/2017/04/L1S1_pontgare-ph5-150x150.jpg" alt="" width="150" height="150" /></a><figcaption id="caption-attachment-118" class="wp-caption-text">Vue du Pont</figcaption></figure>
<figure id="attachment_115" aria-describedby="caption-attachment-115" style="width: 150px" class="wp-caption alignleft"><a href="http://anaisinparis.com/blog/wp-content/uploads/2017/04/L1S1_pontgare-ph2.jpg"><img loading="lazy" decoding="async" class="wp-image-115 size-thumbnail" title="Vue des quais" src="http://anaisinparis.com/blog/wp-content/uploads/2017/04/L1S1_pontgare-ph2-150x150.jpg" alt="" width="150" height="150" /></a><figcaption id="caption-attachment-115" class="wp-caption-text">Vue des quais</figcaption></figure>
<figure id="attachment_116" aria-describedby="caption-attachment-116" style="width: 150px" class="wp-caption alignleft"><a href="http://anaisinparis.com/blog/wp-content/uploads/2017/04/L1S1_pontgare-ph3.jpg"><img loading="lazy" decoding="async" class="wp-image-116 size-thumbnail" title="Maquette du Pont-Gare" src="http://anaisinparis.com/blog/wp-content/uploads/2017/04/L1S1_pontgare-ph3-150x150.jpg" alt="" width="150" height="150" /></a><figcaption id="caption-attachment-116" class="wp-caption-text">Maquette du Pont-Gare</figcaption></figure>
<p>&nbsp;</p>

<p>Cette esquisse de projet a été réalisée dans le cadre scolaire lors de ma première&#8230;</p>
<div class="more-link-wrapper"><a class="more-link" href="https://anaisinparis.com/blog/index.php/architecture/pont-gare-2/">Read the post<span class="screen-reader-text">PONT-GARE</span></a></div>
