{"id":155,"date":"2017-04-07T19:39:33","date_gmt":"2017-04-07T17:39:33","guid":{"rendered":"http:\/\/anaisinparis.com\/blog\/?page_id=155"},"modified":"2018-08-25T14:35:30","modified_gmt":"2018-08-25T12:35:30","slug":"centre-culturel","status":"publish","type":"page","link":"https:\/\/anaisinparis.com\/blog\/index.php\/architecture\/centre-culturel\/","title":{"rendered":"CENTRE CULTUREL"},"content":{"rendered":"<p>Cette esquisse de projet a \u00e9t\u00e9 r\u00e9alis\u00e9e dans le cadre scolaire lors de ma premi\u00e8re ann\u00e9e de Licence en \u00e9cole d&rsquo;architecture de Paris La Villette &#8211; Novembre 2013.<\/p>\n<p>Le projet s&rsquo;inscrit dans le cadre de la r\u00e9habilitation d&rsquo;une ancienne usine et chaufferie \u00e0 Ivry sur Seine. L&rsquo;objectif est de se servir de l&rsquo;ossature du b\u00e2timent afin d&rsquo;y r\u00e9aliser un programme de centre culturel. Les contraintes impliquaient une dalle de b\u00e9ton \u00e9paisse situ\u00e9e \u00e0 6 m\u00e8tres du sol et une ossature m\u00e9tallique \u00e0 conserver. J&rsquo;avais choisi de me servir de cette dalle pour effectuer un socle opaque, accueillant les diff\u00e9rents programmes de salle de concert. Ce socle permettait de sur\u00e9lever une structure constitu\u00e9e d&rsquo;une prolif\u00e9ration de cubes. Au c\u0153ur du plus grand volume rouge inclin\u00e9, se trouvait la circulation centrale, ainsi qu&rsquo;un \u00e9cran g\u00e9ant dirig\u00e9 vers un gradin noir laissant une place au c\u0153ur du centre culturel pour permettre \u00e0 certaines manifestations de prendre place.<\/p>\n<figure id=\"attachment_105\" aria-describedby=\"caption-attachment-105\" style=\"width: 150px\" class=\"wp-caption alignleft\"><a href=\"http:\/\/anaisinparis.com\/blog\/wp-content\/uploads\/2017\/04\/L1S1_centreculturel-pers1.jpg\"><img loading=\"lazy\" decoding=\"async\" class=\"wp-image-105 size-thumbnail\" title=\"Perspective int\u00e9rieure \" src=\"http:\/\/anaisinparis.com\/blog\/wp-content\/uploads\/2017\/04\/L1S1_centreculturel-pers1-150x150.jpg\" alt=\"\" width=\"150\" height=\"150\" \/><\/a><figcaption id=\"caption-attachment-105\" class=\"wp-caption-text\">Perspective int\u00e9rieure depuis le gradin<\/figcaption><\/figure>\n<figure id=\"attachment_106\" aria-describedby=\"caption-attachment-106\" style=\"width: 150px\" class=\"wp-caption alignleft\"><a href=\"http:\/\/anaisinparis.com\/blog\/wp-content\/uploads\/2017\/04\/L1S1_centreculturel-pers2.jpg\"><img loading=\"lazy\" decoding=\"async\" class=\"wp-image-106 size-thumbnail\" title=\"Perspective ext\u00e9rieur\" src=\"http:\/\/anaisinparis.com\/blog\/wp-content\/uploads\/2017\/04\/L1S1_centreculturel-pers2-150x150.jpg\" alt=\"\" width=\"150\" height=\"150\" \/><\/a><figcaption id=\"caption-attachment-106\" class=\"wp-caption-text\">Perspective ext\u00e9rieure<\/figcaption><\/figure>\n<figure id=\"attachment_170\" aria-describedby=\"caption-attachment-170\" style=\"width: 150px\" class=\"wp-caption alignleft\"><a href=\"http:\/\/anaisinparis.com\/blog\/wp-content\/uploads\/2017\/04\/Coupe-2-projet-2-L1.jpg\"><img loading=\"lazy\" decoding=\"async\" class=\"wp-image-170 size-thumbnail\" title=\"Vue de fa\u00e7ade\" src=\"http:\/\/anaisinparis.com\/blog\/wp-content\/uploads\/2017\/04\/Coupe-2-projet-2-L1-150x150.jpg\" alt=\"\" width=\"150\" height=\"150\" \/><\/a><figcaption id=\"caption-attachment-170\" class=\"wp-caption-text\">Vue de fa\u00e7ade et de la prolif\u00e9ration des volumes<\/figcaption><\/figure>\n<figure id=\"attachment_109\" aria-describedby=\"caption-attachment-109\" style=\"width: 150px\" class=\"wp-caption alignleft\"><a href=\"http:\/\/anaisinparis.com\/blog\/wp-content\/uploads\/2017\/04\/L1S1_centreculturel-ph3.jpg\"><img loading=\"lazy\" decoding=\"async\" class=\"wp-image-109 size-thumbnail\" title=\"Maquette\" src=\"http:\/\/anaisinparis.com\/blog\/wp-content\/uploads\/2017\/04\/L1S1_centreculturel-ph3-150x150.jpg\" alt=\"\" width=\"150\" height=\"150\" \/><\/a><figcaption id=\"caption-attachment-109\" class=\"wp-caption-text\">Photo de la maquette<\/figcaption><\/figure>\n<figure id=\"attachment_110\" aria-describedby=\"caption-attachment-110\" style=\"width: 150px\" class=\"wp-caption alignleft\"><a href=\"http:\/\/anaisinparis.com\/blog\/wp-content\/uploads\/2017\/04\/L1S1_centreculturel-ph4.jpg\"><img loading=\"lazy\" decoding=\"async\" class=\"wp-image-110 size-thumbnail\" title=\"Maquette\" src=\"http:\/\/anaisinparis.com\/blog\/wp-content\/uploads\/2017\/04\/L1S1_centreculturel-ph4-150x150.jpg\" alt=\"\" width=\"150\" height=\"150\" \/><\/a><figcaption id=\"caption-attachment-110\" class=\"wp-caption-text\">Photo de la maquette<\/figcaption><\/figure>\n<figure id=\"attachment_111\" aria-describedby=\"caption-attachment-111\" style=\"width: 150px\" class=\"wp-caption alignleft\"><img loading=\"lazy\" decoding=\"async\" class=\"wp-image-111 size-thumbnail\" title=\"Maquette\" src=\"http:\/\/anaisinparis.com\/blog\/wp-content\/uploads\/2017\/04\/L1S1_centreculturel-ph5-150x150.jpg\" alt=\"\" width=\"150\" height=\"150\" \/><figcaption id=\"caption-attachment-111\" class=\"wp-caption-text\">Photo de la maquette<\/figcaption><\/figure>\n<figure id=\"attachment_108\" aria-describedby=\"caption-attachment-108\" style=\"width: 150px\" class=\"wp-caption alignleft\"><a href=\"http:\/\/anaisinparis.com\/blog\/wp-content\/uploads\/2017\/04\/L1S1_centreculturel-ph2.jpg\"><img loading=\"lazy\" decoding=\"async\" class=\"wp-image-108 size-thumbnail\" title=\"Maquette\" src=\"http:\/\/anaisinparis.com\/blog\/wp-content\/uploads\/2017\/04\/L1S1_centreculturel-ph2-150x150.jpg\" alt=\"\" width=\"150\" height=\"150\" \/><\/a><figcaption id=\"caption-attachment-108\" class=\"wp-caption-text\">Photo de la maquette<\/figcaption><\/figure>\n<p>&nbsp;<\/p>\n","protected":false},"excerpt":{"rendered":"<p>Cette esquisse de projet a \u00e9t\u00e9 r\u00e9alis\u00e9e dans le cadre scolaire lors de ma premi\u00e8re&#8230;<\/p>\n<div class=\"more-link-wrapper\"><a class=\"more-link\" href=\"https:\/\/anaisinparis.com\/blog\/index.php\/architecture\/centre-culturel\/\">Read the post<span class=\"screen-reader-text\">CENTRE CULTUREL<\/span><\/a><\/div>\n","protected":false},"author":1,"featured_media":107,"parent":78,"menu_order":0,"comment_status":"closed","ping_status":"closed","template":"","meta":{"iawp_total_views":0,"footnotes":""},"class_list":["post-155","page","type-page","status-publish","has-post-thumbnail","hentry","excerpt","full-without-featured","even","excerpt-0"],"_links":{"self":[{"href":"https:\/\/anaisinparis.com\/blog\/index.php\/wp-json\/wp\/v2\/pages\/155","targetHints":{"allow":["GET"]}}],"collection":[{"href":"https:\/\/anaisinparis.com\/blog\/index.php\/wp-json\/wp\/v2\/pages"}],"about":[{"href":"https:\/\/anaisinparis.com\/blog\/index.php\/wp-json\/wp\/v2\/types\/page"}],"author":[{"embeddable":true,"href":"https:\/\/anaisinparis.com\/blog\/index.php\/wp-json\/wp\/v2\/users\/1"}],"replies":[{"embeddable":true,"href":"https:\/\/anaisinparis.com\/blog\/index.php\/wp-json\/wp\/v2\/comments?post=155"}],"version-history":[{"count":7,"href":"https:\/\/anaisinparis.com\/blog\/index.php\/wp-json\/wp\/v2\/pages\/155\/revisions"}],"predecessor-version":[{"id":565,"href":"https:\/\/anaisinparis.com\/blog\/index.php\/wp-json\/wp\/v2\/pages\/155\/revisions\/565"}],"up":[{"embeddable":true,"href":"https:\/\/anaisinparis.com\/blog\/index.php\/wp-json\/wp\/v2\/pages\/78"}],"wp:featuredmedia":[{"embeddable":true,"href":"https:\/\/anaisinparis.com\/blog\/index.php\/wp-json\/wp\/v2\/media\/107"}],"wp:attachment":[{"href":"https:\/\/anaisinparis.com\/blog\/index.php\/wp-json\/wp\/v2\/media?parent=155"}],"curies":[{"name":"wp","href":"https:\/\/api.w.org\/{rel}","templated":true}]}}

<p>Cette esquisse de projet a été réalisée dans le cadre scolaire lors de ma première année de Licence en école d&rsquo;architecture de Paris La Villette &#8211; Novembre 2013.</p>
<p>Le projet s&rsquo;inscrit dans le cadre de la réhabilitation d&rsquo;une ancienne usine et chaufferie à Ivry sur Seine. L&rsquo;objectif est de se servir de l&rsquo;ossature du bâtiment afin d&rsquo;y réaliser un programme de centre culturel. Les contraintes impliquaient une dalle de béton épaisse située à 6 mètres du sol et une ossature métallique à conserver. J&rsquo;avais choisi de me servir de cette dalle pour effectuer un socle opaque, accueillant les différents programmes de salle de concert. Ce socle permettait de surélever une structure constituée d&rsquo;une prolifération de cubes. Au cœur du plus grand volume rouge incliné, se trouvait la circulation centrale, ainsi qu&rsquo;un écran géant dirigé vers un gradin noir laissant une place au cœur du centre culturel pour permettre à certaines manifestations de prendre place.</p>
<figure id="attachment_105" aria-describedby="caption-attachment-105" style="width: 150px" class="wp-caption alignleft"><a href="http://anaisinparis.com/blog/wp-content/uploads/2017/04/L1S1_centreculturel-pers1.jpg"><img loading="lazy" decoding="async" class="wp-image-105 size-thumbnail" title="Perspective intérieure " src="http://anaisinparis.com/blog/wp-content/uploads/2017/04/L1S1_centreculturel-pers1-150x150.jpg" alt="" width="150" height="150" /></a><figcaption id="caption-attachment-105" class="wp-caption-text">Perspective intérieure depuis le gradin</figcaption></figure>
<figure id="attachment_106" aria-describedby="caption-attachment-106" style="width: 150px" class="wp-caption alignleft"><a href="http://anaisinparis.com/blog/wp-content/uploads/2017/04/L1S1_centreculturel-pers2.jpg"><img loading="lazy" decoding="async" class="wp-image-106 size-thumbnail" title="Perspective extérieur" src="http://anaisinparis.com/blog/wp-content/uploads/2017/04/L1S1_centreculturel-pers2-150x150.jpg" alt="" width="150" height="150" /></a><figcaption id="caption-attachment-106" class="wp-caption-text">Perspective extérieure</figcaption></figure>
<figure id="attachment_170" aria-describedby="caption-attachment-170" style="width: 150px" class="wp-caption alignleft"><a href="http://anaisinparis.com/blog/wp-content/uploads/2017/04/Coupe-2-projet-2-L1.jpg"><img loading="lazy" decoding="async" class="wp-image-170 size-thumbnail" title="Vue de façade" src="http://anaisinparis.com/blog/wp-content/uploads/2017/04/Coupe-2-projet-2-L1-150x150.jpg" alt="" width="150" height="150" /></a><figcaption id="caption-attachment-170" class="wp-caption-text">Vue de façade et de la prolifération des volumes</figcaption></figure>
<figure id="attachment_109" aria-describedby="caption-attachment-109" style="width: 150px" class="wp-caption alignleft"><a href="http://anaisinparis.com/blog/wp-content/uploads/2017/04/L1S1_centreculturel-ph3.jpg"><img loading="lazy" decoding="async" class="wp-image-109 size-thumbnail" title="Maquette" src="http://anaisinparis.com/blog/wp-content/uploads/2017/04/L1S1_centreculturel-ph3-150x150.jpg" alt="" width="150" height="150" /></a><figcaption id="caption-attachment-109" class="wp-caption-text">Photo de la maquette</figcaption></figure>
<figure id="attachment_110" aria-describedby="caption-attachment-110" style="width: 150px" class="wp-caption alignleft"><a href="http://anaisinparis.com/blog/wp-content/uploads/2017/04/L1S1_centreculturel-ph4.jpg"><img loading="lazy" decoding="async" class="wp-image-110 size-thumbnail" title="Maquette" src="http://anaisinparis.com/blog/wp-content/uploads/2017/04/L1S1_centreculturel-ph4-150x150.jpg" alt="" width="150" height="150" /></a><figcaption id="caption-attachment-110" class="wp-caption-text">Photo de la maquette</figcaption></figure>
<figure id="attachment_111" aria-describedby="caption-attachment-111" style="width: 150px" class="wp-caption alignleft"><img loading="lazy" decoding="async" class="wp-image-111 size-thumbnail" title="Maquette" src="http://anaisinparis.com/blog/wp-content/uploads/2017/04/L1S1_centreculturel-ph5-150x150.jpg" alt="" width="150" height="150" /><figcaption id="caption-attachment-111" class="wp-caption-text">Photo de la maquette</figcaption></figure>
<figure id="attachment_108" aria-describedby="caption-attachment-108" style="width: 150px" class="wp-caption alignleft"><a href="http://anaisinparis.com/blog/wp-content/uploads/2017/04/L1S1_centreculturel-ph2.jpg"><img loading="lazy" decoding="async" class="wp-image-108 size-thumbnail" title="Maquette" src="http://anaisinparis.com/blog/wp-content/uploads/2017/04/L1S1_centreculturel-ph2-150x150.jpg" alt="" width="150" height="150" /></a><figcaption id="caption-attachment-108" class="wp-caption-text">Photo de la maquette</figcaption></figure>
<p>&nbsp;</p>

<p>Cette esquisse de projet a été réalisée dans le cadre scolaire lors de ma première&#8230;</p>
<div class="more-link-wrapper"><a class="more-link" href="https://anaisinparis.com/blog/index.php/architecture/centre-culturel/">Read the post<span class="screen-reader-text">CENTRE CULTUREL</span></a></div>
