{"id":225,"date":"2017-04-08T17:27:22","date_gmt":"2017-04-08T15:27:22","guid":{"rendered":"http:\/\/anaisinparis.com\/blog\/?page_id=225"},"modified":"2018-08-25T14:43:46","modified_gmt":"2018-08-25T12:43:46","slug":"logements-rue-pixerecourt","status":"publish","type":"page","link":"https:\/\/anaisinparis.com\/blog\/index.php\/architecture\/logements-rue-pixerecourt\/","title":{"rendered":"LOGEMENTS RUE PIXERECOURT"},"content":{"rendered":"<p>Programme de 45 logements Rue Pixer\u00e9court \u00e0 Paris 19\u00e8me, projet r\u00e9alis\u00e9 au cours de ma 3\u00e8me ann\u00e9e de Licence &#8211; Octobre 2015 \u00e0 Janvier 2016.<\/p>\n<p>Les enjeux de ce projet \u00e9tait de r\u00e9aliser un complexe de logements dans un site incluant une forte topographie de 4m50 sur une parcelle traversante d&rsquo;une rue haute \u00e0 une rue basse. Tout au long de ce projet, j&rsquo;ai conduit une r\u00e9flexion sur le parcours au sein de cette parcelle conduisant d&rsquo;une rue \u00e0 une autre et le fil conducteur de l&rsquo;\u00e9laboration de ce projet f\u00fbt le lien entre les 2 rues autour du c\u0153ur de l&rsquo;\u00eelot.<\/p>\n<p>Le respect des r\u00e8gles d&rsquo;urbanisme m&rsquo;a conduit \u00e0 former des b\u00e2timents bas sur rue et une tour en c\u0153ur de l&rsquo;\u00eelot. J&rsquo;ai propos\u00e9 un cheminement depuis la rue basse amenant d&rsquo;abord \u00e0 un hall bas desservant l&rsquo;immeuble sur rue basse. Puis le parcours passe par un jardin commun bas, qui dessert quelques logements sur jardin et\u00a0qui\u00a0conduit ensuite\u00a0vers le dessous de la tour avec un parcours de rampes successives qui am\u00e8nent \u00e0 un hall en partie haute donnant sur la rue haute. Ce hall haut propose un autre cheminement par une rue int\u00e9rieure qui dessert des duplex ayant une jouissance sur cette large rue comme terrasse. De plus cette passerelle offre une vue sur le jardin ainsi que sur la rue basse .<\/p>\n<p>&nbsp;<\/p>\n<figure id=\"attachment_208\" aria-describedby=\"caption-attachment-208\" style=\"width: 150px\" class=\"wp-caption alignleft\"><a href=\"http:\/\/anaisinparis.com\/blog\/wp-content\/uploads\/2017\/04\/L3S5_immeublelgt_planmasse.jpg\"><img loading=\"lazy\" decoding=\"async\" class=\"wp-image-208 size-thumbnail\" title=\"Plan masse\" src=\"http:\/\/anaisinparis.com\/blog\/wp-content\/uploads\/2017\/04\/L3S5_immeublelgt_planmasse-150x150.jpg\" alt=\"\" width=\"150\" height=\"150\" \/><\/a><figcaption id=\"caption-attachment-208\" class=\"wp-caption-text\">Plan masse<\/figcaption><\/figure>\n<figure id=\"attachment_209\" aria-describedby=\"caption-attachment-209\" style=\"width: 150px\" class=\"wp-caption alignleft\"><a href=\"http:\/\/anaisinparis.com\/blog\/wp-content\/uploads\/2017\/04\/L3S5_immeublelgt_planr2.jpg\"><img loading=\"lazy\" decoding=\"async\" class=\"wp-image-209 size-thumbnail\" title=\"Plan sur la rue int\u00e9rieure\" src=\"http:\/\/anaisinparis.com\/blog\/wp-content\/uploads\/2017\/04\/L3S5_immeublelgt_planr2-150x150.jpg\" alt=\"\" width=\"150\" height=\"150\" \/><\/a><figcaption id=\"caption-attachment-209\" class=\"wp-caption-text\">Plan de la rue int\u00e9rieure<\/figcaption><\/figure>\n<figure id=\"attachment_207\" aria-describedby=\"caption-attachment-207\" style=\"width: 150px\" class=\"wp-caption alignleft\"><a href=\"http:\/\/anaisinparis.com\/blog\/wp-content\/uploads\/2017\/04\/L3S5_immeublelgt_facade2.jpg\"><img loading=\"lazy\" decoding=\"async\" class=\"wp-image-207 size-thumbnail\" title=\"Fa\u00e7ade rue basse\" src=\"http:\/\/anaisinparis.com\/blog\/wp-content\/uploads\/2017\/04\/L3S5_immeublelgt_facade2-150x150.jpg\" alt=\"\" width=\"150\" height=\"150\" \/><\/a><figcaption id=\"caption-attachment-207\" class=\"wp-caption-text\">Fa\u00e7ade rue basse<\/figcaption><\/figure>\n<figure id=\"attachment_206\" aria-describedby=\"caption-attachment-206\" style=\"width: 150px\" class=\"wp-caption alignleft\"><a href=\"http:\/\/anaisinparis.com\/blog\/wp-content\/uploads\/2017\/04\/L3S5_immeublelgt_facade1.jpg\"><img loading=\"lazy\" decoding=\"async\" class=\"wp-image-206 size-thumbnail\" title=\"Fa\u00e7ade rue haute\" src=\"http:\/\/anaisinparis.com\/blog\/wp-content\/uploads\/2017\/04\/L3S5_immeublelgt_facade1-150x150.jpg\" alt=\"\" width=\"150\" height=\"150\" \/><\/a><figcaption id=\"caption-attachment-206\" class=\"wp-caption-text\">Fa\u00e7ade rue haute<\/figcaption><\/figure>\n<figure id=\"attachment_202\" aria-describedby=\"caption-attachment-202\" style=\"width: 150px\" class=\"wp-caption alignleft\"><a href=\"http:\/\/anaisinparis.com\/blog\/wp-content\/uploads\/2017\/04\/L3S5_immeublelgt_coupe1.jpg\"><img loading=\"lazy\" decoding=\"async\" class=\"wp-image-202 size-thumbnail\" title=\"Coupe sur rue int\u00e9rieure\" src=\"http:\/\/anaisinparis.com\/blog\/wp-content\/uploads\/2017\/04\/L3S5_immeublelgt_coupe1-150x150.jpg\" alt=\"\" width=\"150\" height=\"150\" \/><\/a><figcaption id=\"caption-attachment-202\" class=\"wp-caption-text\">Coupe\u00a0rue int\u00e9rieure<\/figcaption><\/figure>\n<figure id=\"attachment_203\" aria-describedby=\"caption-attachment-203\" style=\"width: 150px\" class=\"wp-caption alignleft\"><a href=\"http:\/\/anaisinparis.com\/blog\/wp-content\/uploads\/2017\/04\/L3S5_immeublelgt_coupe2.jpg\"><img loading=\"lazy\" decoding=\"async\" class=\"wp-image-203 size-thumbnail\" title=\"Coupe sur la tour\" src=\"http:\/\/anaisinparis.com\/blog\/wp-content\/uploads\/2017\/04\/L3S5_immeublelgt_coupe2-150x150.jpg\" alt=\"\" width=\"150\" height=\"150\" \/><\/a><figcaption id=\"caption-attachment-203\" class=\"wp-caption-text\">Coupe sur la tour<\/figcaption><\/figure>\n<figure id=\"attachment_204\" aria-describedby=\"caption-attachment-204\" style=\"width: 150px\" class=\"wp-caption alignleft\"><a href=\"http:\/\/anaisinparis.com\/blog\/wp-content\/uploads\/2017\/04\/L3S5_immeublelgt_coupe3.jpg\"><img loading=\"lazy\" decoding=\"async\" class=\"wp-image-204 size-thumbnail\" title=\"Coupe sur le jardin bas\" src=\"http:\/\/anaisinparis.com\/blog\/wp-content\/uploads\/2017\/04\/L3S5_immeublelgt_coupe3-150x150.jpg\" alt=\"\" width=\"150\" height=\"150\" \/><\/a><figcaption id=\"caption-attachment-204\" class=\"wp-caption-text\">Coupe sur le jardin bas<\/figcaption><\/figure>\n<figure id=\"attachment_205\" aria-describedby=\"caption-attachment-205\" style=\"width: 150px\" class=\"wp-caption alignleft\"><a href=\"http:\/\/anaisinparis.com\/blog\/wp-content\/uploads\/2017\/04\/L3S5_immeublelgt_coupe4.jpg\"><img loading=\"lazy\" decoding=\"async\" class=\"wp-image-205 size-thumbnail\" title=\"Coupe sur la tour\" src=\"http:\/\/anaisinparis.com\/blog\/wp-content\/uploads\/2017\/04\/L3S5_immeublelgt_coupe4-150x150.jpg\" alt=\"\" width=\"150\" height=\"150\" \/><\/a><figcaption id=\"caption-attachment-205\" class=\"wp-caption-text\">Coupe sur la tour<\/figcaption><\/figure>\n<figure id=\"attachment_21\" aria-describedby=\"caption-attachment-21\" style=\"width: 150px\" class=\"wp-caption alignleft\"><a href=\"http:\/\/anaisinparis.com\/blog\/wp-content\/uploads\/2017\/03\/AIP-fond.jpg\"><img loading=\"lazy\" decoding=\"async\" class=\"wp-image-21 size-thumbnail\" title=\"Maquette vue de dessus\" src=\"http:\/\/anaisinparis.com\/blog\/wp-content\/uploads\/2017\/03\/AIP-fond-150x150.jpg\" alt=\"\" width=\"150\" height=\"150\" srcset=\"https:\/\/anaisinparis.com\/blog\/wp-content\/uploads\/2017\/03\/AIP-fond-150x150.jpg 150w, https:\/\/anaisinparis.com\/blog\/wp-content\/uploads\/2017\/03\/AIP-fond-62x62.jpg 62w, https:\/\/anaisinparis.com\/blog\/wp-content\/uploads\/2017\/03\/AIP-fond-175x175.jpg 175w, https:\/\/anaisinparis.com\/blog\/wp-content\/uploads\/2017\/03\/AIP-fond-90x90.jpg 90w\" sizes=\"auto, (max-width: 150px) 100vw, 150px\" \/><\/a><figcaption id=\"caption-attachment-21\" class=\"wp-caption-text\">Maquette de dessus<\/figcaption><\/figure>\n<figure id=\"attachment_388\" aria-describedby=\"caption-attachment-388\" style=\"width: 150px\" class=\"wp-caption alignleft\"><a href=\"http:\/\/anaisinparis.com\/blog\/wp-content\/uploads\/2017\/05\/20160128_125600.jpg\"><img loading=\"lazy\" decoding=\"async\" class=\"wp-image-388 size-thumbnail\" title=\"Maquette vue de loin\" src=\"http:\/\/anaisinparis.com\/blog\/wp-content\/uploads\/2017\/05\/20160128_125600-150x150.jpg\" alt=\"\" width=\"150\" height=\"150\" \/><\/a><figcaption id=\"caption-attachment-388\" class=\"wp-caption-text\">Maquette vue de loin<\/figcaption><\/figure>\n<figure id=\"attachment_389\" aria-describedby=\"caption-attachment-389\" style=\"width: 150px\" class=\"wp-caption alignleft\"><a href=\"http:\/\/anaisinparis.com\/blog\/wp-content\/uploads\/2017\/05\/20160128_125618.jpg\"><img loading=\"lazy\" decoding=\"async\" class=\"wp-image-389 size-thumbnail\" title=\"Maquette rue haute\" src=\"http:\/\/anaisinparis.com\/blog\/wp-content\/uploads\/2017\/05\/20160128_125618-150x150.jpg\" alt=\"\" width=\"150\" height=\"150\" \/><\/a><figcaption id=\"caption-attachment-389\" class=\"wp-caption-text\">Maquette rue haute<\/figcaption><\/figure>\n<figure id=\"attachment_391\" aria-describedby=\"caption-attachment-391\" style=\"width: 150px\" class=\"wp-caption alignleft\"><a href=\"http:\/\/anaisinparis.com\/blog\/wp-content\/uploads\/2017\/05\/20160128_125648.jpg\"><img loading=\"lazy\" decoding=\"async\" class=\"wp-image-391 size-thumbnail\" title=\"Maquette rue basse\" src=\"http:\/\/anaisinparis.com\/blog\/wp-content\/uploads\/2017\/05\/20160128_125648-150x150.jpg\" alt=\"\" width=\"150\" height=\"150\" \/><\/a><figcaption id=\"caption-attachment-391\" class=\"wp-caption-text\">Maquette rue basse<\/figcaption><\/figure>\n<figure id=\"attachment_387\" aria-describedby=\"caption-attachment-387\" style=\"width: 150px\" class=\"wp-caption alignleft\"><a href=\"http:\/\/anaisinparis.com\/blog\/wp-content\/uploads\/2017\/05\/20160128_125537.jpg\"><img loading=\"lazy\" decoding=\"async\" class=\"wp-image-387 size-thumbnail\" title=\"Maquette\" src=\"http:\/\/anaisinparis.com\/blog\/wp-content\/uploads\/2017\/05\/20160128_125537-150x150.jpg\" alt=\"\" width=\"150\" height=\"150\" \/><\/a><figcaption id=\"caption-attachment-387\" class=\"wp-caption-text\">Maquette<\/figcaption><\/figure>\n<figure id=\"attachment_392\" aria-describedby=\"caption-attachment-392\" style=\"width: 150px\" class=\"wp-caption alignleft\"><a href=\"http:\/\/anaisinparis.com\/blog\/wp-content\/uploads\/2017\/05\/20160128_125703.jpg\"><img loading=\"lazy\" decoding=\"async\" class=\"wp-image-392 size-thumbnail\" title=\"Maquette\" src=\"http:\/\/anaisinparis.com\/blog\/wp-content\/uploads\/2017\/05\/20160128_125703-150x150.jpg\" alt=\"\" width=\"150\" height=\"150\" \/><\/a><figcaption id=\"caption-attachment-392\" class=\"wp-caption-text\">Maquette<\/figcaption><\/figure>\n","protected":false},"excerpt":{"rendered":"<p>Programme de 45 logements Rue Pixer\u00e9court \u00e0 Paris 19\u00e8me, projet r\u00e9alis\u00e9 au cours de ma&#8230;<\/p>\n<div class=\"more-link-wrapper\"><a class=\"more-link\" href=\"https:\/\/anaisinparis.com\/blog\/index.php\/architecture\/logements-rue-pixerecourt\/\">Read the post<span class=\"screen-reader-text\">LOGEMENTS RUE PIXERECOURT<\/span><\/a><\/div>\n","protected":false},"author":1,"featured_media":202,"parent":78,"menu_order":0,"comment_status":"closed","ping_status":"closed","template":"","meta":{"iawp_total_views":3,"footnotes":""},"class_list":["post-225","page","type-page","status-publish","has-post-thumbnail","hentry","excerpt","full-without-featured","even","excerpt-0"],"_links":{"self":[{"href":"https:\/\/anaisinparis.com\/blog\/index.php\/wp-json\/wp\/v2\/pages\/225","targetHints":{"allow":["GET"]}}],"collection":[{"href":"https:\/\/anaisinparis.com\/blog\/index.php\/wp-json\/wp\/v2\/pages"}],"about":[{"href":"https:\/\/anaisinparis.com\/blog\/index.php\/wp-json\/wp\/v2\/types\/page"}],"author":[{"embeddable":true,"href":"https:\/\/anaisinparis.com\/blog\/index.php\/wp-json\/wp\/v2\/users\/1"}],"replies":[{"embeddable":true,"href":"https:\/\/anaisinparis.com\/blog\/index.php\/wp-json\/wp\/v2\/comments?post=225"}],"version-history":[{"count":13,"href":"https:\/\/anaisinparis.com\/blog\/index.php\/wp-json\/wp\/v2\/pages\/225\/revisions"}],"predecessor-version":[{"id":568,"href":"https:\/\/anaisinparis.com\/blog\/index.php\/wp-json\/wp\/v2\/pages\/225\/revisions\/568"}],"up":[{"embeddable":true,"href":"https:\/\/anaisinparis.com\/blog\/index.php\/wp-json\/wp\/v2\/pages\/78"}],"wp:featuredmedia":[{"embeddable":true,"href":"https:\/\/anaisinparis.com\/blog\/index.php\/wp-json\/wp\/v2\/media\/202"}],"wp:attachment":[{"href":"https:\/\/anaisinparis.com\/blog\/index.php\/wp-json\/wp\/v2\/media?parent=225"}],"curies":[{"name":"wp","href":"https:\/\/api.w.org\/{rel}","templated":true}]}}

<p>Programme de 45 logements Rue Pixerécourt à Paris 19ème, projet réalisé au cours de ma 3ème année de Licence &#8211; Octobre 2015 à Janvier 2016.</p>
<p>Les enjeux de ce projet était de réaliser un complexe de logements dans un site incluant une forte topographie de 4m50 sur une parcelle traversante d&rsquo;une rue haute à une rue basse. Tout au long de ce projet, j&rsquo;ai conduit une réflexion sur le parcours au sein de cette parcelle conduisant d&rsquo;une rue à une autre et le fil conducteur de l&rsquo;élaboration de ce projet fût le lien entre les 2 rues autour du cœur de l&rsquo;îlot.</p>
<p>Le respect des règles d&rsquo;urbanisme m&rsquo;a conduit à former des bâtiments bas sur rue et une tour en cœur de l&rsquo;îlot. J&rsquo;ai proposé un cheminement depuis la rue basse amenant d&rsquo;abord à un hall bas desservant l&rsquo;immeuble sur rue basse. Puis le parcours passe par un jardin commun bas, qui dessert quelques logements sur jardin et qui conduit ensuite vers le dessous de la tour avec un parcours de rampes successives qui amènent à un hall en partie haute donnant sur la rue haute. Ce hall haut propose un autre cheminement par une rue intérieure qui dessert des duplex ayant une jouissance sur cette large rue comme terrasse. De plus cette passerelle offre une vue sur le jardin ainsi que sur la rue basse .</p>
<p>&nbsp;</p>
<figure id="attachment_208" aria-describedby="caption-attachment-208" style="width: 150px" class="wp-caption alignleft"><a href="http://anaisinparis.com/blog/wp-content/uploads/2017/04/L3S5_immeublelgt_planmasse.jpg"><img loading="lazy" decoding="async" class="wp-image-208 size-thumbnail" title="Plan masse" src="http://anaisinparis.com/blog/wp-content/uploads/2017/04/L3S5_immeublelgt_planmasse-150x150.jpg" alt="" width="150" height="150" /></a><figcaption id="caption-attachment-208" class="wp-caption-text">Plan masse</figcaption></figure>
<figure id="attachment_209" aria-describedby="caption-attachment-209" style="width: 150px" class="wp-caption alignleft"><a href="http://anaisinparis.com/blog/wp-content/uploads/2017/04/L3S5_immeublelgt_planr2.jpg"><img loading="lazy" decoding="async" class="wp-image-209 size-thumbnail" title="Plan sur la rue intérieure" src="http://anaisinparis.com/blog/wp-content/uploads/2017/04/L3S5_immeublelgt_planr2-150x150.jpg" alt="" width="150" height="150" /></a><figcaption id="caption-attachment-209" class="wp-caption-text">Plan de la rue intérieure</figcaption></figure>
<figure id="attachment_207" aria-describedby="caption-attachment-207" style="width: 150px" class="wp-caption alignleft"><a href="http://anaisinparis.com/blog/wp-content/uploads/2017/04/L3S5_immeublelgt_facade2.jpg"><img loading="lazy" decoding="async" class="wp-image-207 size-thumbnail" title="Façade rue basse" src="http://anaisinparis.com/blog/wp-content/uploads/2017/04/L3S5_immeublelgt_facade2-150x150.jpg" alt="" width="150" height="150" /></a><figcaption id="caption-attachment-207" class="wp-caption-text">Façade rue basse</figcaption></figure>
<figure id="attachment_206" aria-describedby="caption-attachment-206" style="width: 150px" class="wp-caption alignleft"><a href="http://anaisinparis.com/blog/wp-content/uploads/2017/04/L3S5_immeublelgt_facade1.jpg"><img loading="lazy" decoding="async" class="wp-image-206 size-thumbnail" title="Façade rue haute" src="http://anaisinparis.com/blog/wp-content/uploads/2017/04/L3S5_immeublelgt_facade1-150x150.jpg" alt="" width="150" height="150" /></a><figcaption id="caption-attachment-206" class="wp-caption-text">Façade rue haute</figcaption></figure>
<figure id="attachment_202" aria-describedby="caption-attachment-202" style="width: 150px" class="wp-caption alignleft"><a href="http://anaisinparis.com/blog/wp-content/uploads/2017/04/L3S5_immeublelgt_coupe1.jpg"><img loading="lazy" decoding="async" class="wp-image-202 size-thumbnail" title="Coupe sur rue intérieure" src="http://anaisinparis.com/blog/wp-content/uploads/2017/04/L3S5_immeublelgt_coupe1-150x150.jpg" alt="" width="150" height="150" /></a><figcaption id="caption-attachment-202" class="wp-caption-text">Coupe rue intérieure</figcaption></figure>
<figure id="attachment_203" aria-describedby="caption-attachment-203" style="width: 150px" class="wp-caption alignleft"><a href="http://anaisinparis.com/blog/wp-content/uploads/2017/04/L3S5_immeublelgt_coupe2.jpg"><img loading="lazy" decoding="async" class="wp-image-203 size-thumbnail" title="Coupe sur la tour" src="http://anaisinparis.com/blog/wp-content/uploads/2017/04/L3S5_immeublelgt_coupe2-150x150.jpg" alt="" width="150" height="150" /></a><figcaption id="caption-attachment-203" class="wp-caption-text">Coupe sur la tour</figcaption></figure>
<figure id="attachment_204" aria-describedby="caption-attachment-204" style="width: 150px" class="wp-caption alignleft"><a href="http://anaisinparis.com/blog/wp-content/uploads/2017/04/L3S5_immeublelgt_coupe3.jpg"><img loading="lazy" decoding="async" class="wp-image-204 size-thumbnail" title="Coupe sur le jardin bas" src="http://anaisinparis.com/blog/wp-content/uploads/2017/04/L3S5_immeublelgt_coupe3-150x150.jpg" alt="" width="150" height="150" /></a><figcaption id="caption-attachment-204" class="wp-caption-text">Coupe sur le jardin bas</figcaption></figure>
<figure id="attachment_205" aria-describedby="caption-attachment-205" style="width: 150px" class="wp-caption alignleft"><a href="http://anaisinparis.com/blog/wp-content/uploads/2017/04/L3S5_immeublelgt_coupe4.jpg"><img loading="lazy" decoding="async" class="wp-image-205 size-thumbnail" title="Coupe sur la tour" src="http://anaisinparis.com/blog/wp-content/uploads/2017/04/L3S5_immeublelgt_coupe4-150x150.jpg" alt="" width="150" height="150" /></a><figcaption id="caption-attachment-205" class="wp-caption-text">Coupe sur la tour</figcaption></figure>
<figure id="attachment_21" aria-describedby="caption-attachment-21" style="width: 150px" class="wp-caption alignleft"><a href="http://anaisinparis.com/blog/wp-content/uploads/2017/03/AIP-fond.jpg"><img loading="lazy" decoding="async" class="wp-image-21 size-thumbnail" title="Maquette vue de dessus" src="http://anaisinparis.com/blog/wp-content/uploads/2017/03/AIP-fond-150x150.jpg" alt="" width="150" height="150" srcset="https://anaisinparis.com/blog/wp-content/uploads/2017/03/AIP-fond-150x150.jpg 150w, https://anaisinparis.com/blog/wp-content/uploads/2017/03/AIP-fond-62x62.jpg 62w, https://anaisinparis.com/blog/wp-content/uploads/2017/03/AIP-fond-175x175.jpg 175w, https://anaisinparis.com/blog/wp-content/uploads/2017/03/AIP-fond-90x90.jpg 90w" sizes="auto, (max-width: 150px) 100vw, 150px" /></a><figcaption id="caption-attachment-21" class="wp-caption-text">Maquette de dessus</figcaption></figure>
<figure id="attachment_388" aria-describedby="caption-attachment-388" style="width: 150px" class="wp-caption alignleft"><a href="http://anaisinparis.com/blog/wp-content/uploads/2017/05/20160128_125600.jpg"><img loading="lazy" decoding="async" class="wp-image-388 size-thumbnail" title="Maquette vue de loin" src="http://anaisinparis.com/blog/wp-content/uploads/2017/05/20160128_125600-150x150.jpg" alt="" width="150" height="150" /></a><figcaption id="caption-attachment-388" class="wp-caption-text">Maquette vue de loin</figcaption></figure>
<figure id="attachment_389" aria-describedby="caption-attachment-389" style="width: 150px" class="wp-caption alignleft"><a href="http://anaisinparis.com/blog/wp-content/uploads/2017/05/20160128_125618.jpg"><img loading="lazy" decoding="async" class="wp-image-389 size-thumbnail" title="Maquette rue haute" src="http://anaisinparis.com/blog/wp-content/uploads/2017/05/20160128_125618-150x150.jpg" alt="" width="150" height="150" /></a><figcaption id="caption-attachment-389" class="wp-caption-text">Maquette rue haute</figcaption></figure>
<figure id="attachment_391" aria-describedby="caption-attachment-391" style="width: 150px" class="wp-caption alignleft"><a href="http://anaisinparis.com/blog/wp-content/uploads/2017/05/20160128_125648.jpg"><img loading="lazy" decoding="async" class="wp-image-391 size-thumbnail" title="Maquette rue basse" src="http://anaisinparis.com/blog/wp-content/uploads/2017/05/20160128_125648-150x150.jpg" alt="" width="150" height="150" /></a><figcaption id="caption-attachment-391" class="wp-caption-text">Maquette rue basse</figcaption></figure>
<figure id="attachment_387" aria-describedby="caption-attachment-387" style="width: 150px" class="wp-caption alignleft"><a href="http://anaisinparis.com/blog/wp-content/uploads/2017/05/20160128_125537.jpg"><img loading="lazy" decoding="async" class="wp-image-387 size-thumbnail" title="Maquette" src="http://anaisinparis.com/blog/wp-content/uploads/2017/05/20160128_125537-150x150.jpg" alt="" width="150" height="150" /></a><figcaption id="caption-attachment-387" class="wp-caption-text">Maquette</figcaption></figure>
<figure id="attachment_392" aria-describedby="caption-attachment-392" style="width: 150px" class="wp-caption alignleft"><a href="http://anaisinparis.com/blog/wp-content/uploads/2017/05/20160128_125703.jpg"><img loading="lazy" decoding="async" class="wp-image-392 size-thumbnail" title="Maquette" src="http://anaisinparis.com/blog/wp-content/uploads/2017/05/20160128_125703-150x150.jpg" alt="" width="150" height="150" /></a><figcaption id="caption-attachment-392" class="wp-caption-text">Maquette</figcaption></figure>

<p>Programme de 45 logements Rue Pixerécourt à Paris 19ème, projet réalisé au cours de ma&#8230;</p>
<div class="more-link-wrapper"><a class="more-link" href="https://anaisinparis.com/blog/index.php/architecture/logements-rue-pixerecourt/">Read the post<span class="screen-reader-text">LOGEMENTS RUE PIXERECOURT</span></a></div>
