{"id":230,"date":"2017-04-08T17:44:35","date_gmt":"2017-04-08T15:44:35","guid":{"rendered":"http:\/\/anaisinparis.com\/blog\/?page_id=230"},"modified":"2018-08-25T15:11:08","modified_gmt":"2018-08-25T13:11:08","slug":"plan-durbanisme","status":"publish","type":"page","link":"https:\/\/anaisinparis.com\/blog\/index.php\/architecture\/plan-durbanisme\/","title":{"rendered":"PLAN D&rsquo;URBANISME"},"content":{"rendered":"<p>Projet en groupe de 5\u00a0d&rsquo;urbanisation d&rsquo;une zone inondable de la ville de Villeneuve-Le-Roi dans le 94 &#8211; Mars \u00e0 Juin 2016<\/p>\n<p>Ce projet a \u00e9t\u00e9 r\u00e9alis\u00e9 dans le cadre du projet d&rsquo;urbanisme de ma 3\u00e8me ann\u00e9e de Licence \u00e0 l&rsquo;Ecole Sup\u00e9rieure de Paris La Villette. Il s&rsquo;agissait d&rsquo;une initiation aux enjeux repr\u00e9sent\u00e9s par l&rsquo;urbanisme dans la construction de la ville et de quartier, aujourd&rsquo;hui. Une premi\u00e8re \u00e9tape nous mena \u00e0 analyser assez finement le quartier pour en tirer des enjeux, passant d&rsquo;une grande \u00e9chelle territoriale \u00e0 une plus petite \u00e9chelle, celle du quartier. Les enjeux que nous avons fait \u00e9merg\u00e9s de notre analyse \u00e9taient le caract\u00e8re international du site par sa proximit\u00e9 avec l&rsquo;a\u00e9roport de Orly et \u00e9galement le passage de la futur Ligne \u00e0 Grande Vitesse (LGV) qui connectera ensemble les p\u00e9riph\u00e9ries de Paris et en premier lieu les 2 a\u00e9roports directement.<\/p>\n<p>Ainsi notre projet s&rsquo;articule autour de l&rsquo;implantation d&rsquo;une gare de cette LGV sur notre site, car son trac\u00e9 passe non loin de ce site, afin d&rsquo;en faire une plaque multimodale par la connexion avec de nombreux transports (Rer, bus, tram au c\u0153ur de notre site, ligne fluviale menant \u00e0 Paris). De plus nous avons envisag\u00e9 que notre site deviendrait alors un nouveau centre d&rsquo;affaire pour regroupant alors des expatri\u00e9s et des espaces de vies internationaux.<\/p>\n<p>Cette \u00e9tude nous amena \u00e0 cr\u00e9er un plan directeur ensuite red\u00e9coup\u00e9 en quartier que nous nous sommes alors r\u00e9partis au sein du groupe. Ainsi j&rsquo;ai r\u00e9alis\u00e9 un quartier articul\u00e9 autour d&rsquo;une rue commer\u00e7ante proposant un cadre de vie agr\u00e9able autour de canaux. En effet, la prise en compte de l&rsquo;eau dans notre site \u00e9tait primordial car le site se trouve en zone inondable, nous avons alors imagin\u00e9 un syst\u00e8me de r\u00e9gulation de la mont\u00e9e des eaux par un syst\u00e8me de canaux.<\/p>\n<figure id=\"attachment_219\" aria-describedby=\"caption-attachment-219\" style=\"width: 150px\" class=\"wp-caption alignleft\"><a href=\"http:\/\/anaisinparis.com\/blog\/wp-content\/uploads\/2017\/04\/L3S6_analyse_p1.jpg\"><img loading=\"lazy\" decoding=\"async\" class=\"wp-image-219 size-thumbnail\" title=\"Analyse - P1\" src=\"http:\/\/anaisinparis.com\/blog\/wp-content\/uploads\/2017\/04\/L3S6_analyse_p1-150x150.jpg\" alt=\"\" width=\"150\" height=\"150\" \/><\/a><figcaption id=\"caption-attachment-219\" class=\"wp-caption-text\">Analyse &#8211; P1<\/figcaption><\/figure>\n<figure id=\"attachment_220\" aria-describedby=\"caption-attachment-220\" style=\"width: 150px\" class=\"wp-caption alignleft\"><a href=\"http:\/\/anaisinparis.com\/blog\/wp-content\/uploads\/2017\/04\/L3S6_analyse_p2.jpg\"><img loading=\"lazy\" decoding=\"async\" class=\"wp-image-220 size-thumbnail\" title=\"Analyse - P2\" src=\"http:\/\/anaisinparis.com\/blog\/wp-content\/uploads\/2017\/04\/L3S6_analyse_p2-150x150.jpg\" alt=\"\" width=\"150\" height=\"150\" \/><\/a><figcaption id=\"caption-attachment-220\" class=\"wp-caption-text\">Analyse &#8211; P2<\/figcaption><\/figure>\n<figure id=\"attachment_217\" aria-describedby=\"caption-attachment-217\" style=\"width: 150px\" class=\"wp-caption alignleft\"><img loading=\"lazy\" decoding=\"async\" class=\"wp-image-217 size-thumbnail\" title=\"Plan directeur\" src=\"http:\/\/anaisinparis.com\/blog\/wp-content\/uploads\/2017\/04\/L3S6_urbanisme-planglobal-150x150.jpg\" alt=\"\" width=\"150\" height=\"150\" \/><figcaption id=\"caption-attachment-217\" class=\"wp-caption-text\">Plan directeur<\/figcaption><\/figure>\n<figure id=\"attachment_221\" aria-describedby=\"caption-attachment-221\" style=\"width: 150px\" class=\"wp-caption alignleft\"><a href=\"http:\/\/anaisinparis.com\/blog\/wp-content\/uploads\/2017\/04\/L3S6_coupes.jpg\"><img loading=\"lazy\" decoding=\"async\" class=\"wp-image-221 size-thumbnail\" title=\"Coupes urbaines \" src=\"http:\/\/anaisinparis.com\/blog\/wp-content\/uploads\/2017\/04\/L3S6_coupes-150x150.jpg\" alt=\"\" width=\"150\" height=\"150\" \/><\/a><figcaption id=\"caption-attachment-221\" class=\"wp-caption-text\">Coupes urbaines<\/figcaption><\/figure>\n<figure id=\"attachment_218\" aria-describedby=\"caption-attachment-218\" style=\"width: 150px\" class=\"wp-caption alignleft\"><a href=\"http:\/\/anaisinparis.com\/blog\/wp-content\/uploads\/2017\/04\/L3S6_3Dsite.jpg\"><img loading=\"lazy\" decoding=\"async\" class=\"wp-image-218 size-thumbnail\" title=\"Axonom\u00e9trie du quartier\" src=\"http:\/\/anaisinparis.com\/blog\/wp-content\/uploads\/2017\/04\/L3S6_3Dsite-150x150.jpg\" alt=\"\" width=\"150\" height=\"150\" \/><\/a><figcaption id=\"caption-attachment-218\" class=\"wp-caption-text\">Axonom\u00e9trie du quartier<\/figcaption><\/figure>\n<figure id=\"attachment_215\" aria-describedby=\"caption-attachment-215\" style=\"width: 150px\" class=\"wp-caption alignleft\"><a href=\"http:\/\/anaisinparis.com\/blog\/wp-content\/uploads\/2017\/04\/L3S6_urbanisme-ecoq1.jpg\"><img loading=\"lazy\" decoding=\"async\" class=\"wp-image-215 size-thumbnail\" title=\"R\u00e9alisation d'un \u00e9co-quartier\" src=\"http:\/\/anaisinparis.com\/blog\/wp-content\/uploads\/2017\/04\/L3S6_urbanisme-ecoq1-150x150.jpg\" alt=\"\" width=\"150\" height=\"150\" \/><\/a><figcaption id=\"caption-attachment-215\" class=\"wp-caption-text\">R\u00e9alisation d&rsquo;un \u00e9co-quartier<\/figcaption><\/figure>\n<figure id=\"attachment_216\" aria-describedby=\"caption-attachment-216\" style=\"width: 150px\" class=\"wp-caption alignleft\"><a href=\"http:\/\/anaisinparis.com\/blog\/wp-content\/uploads\/2017\/04\/L3S6_urbanisme-ecoq2.jpg\"><img loading=\"lazy\" decoding=\"async\" class=\"wp-image-216 size-thumbnail\" title=\"Coupes sur l'\u00e9co-quartier\" src=\"http:\/\/anaisinparis.com\/blog\/wp-content\/uploads\/2017\/04\/L3S6_urbanisme-ecoq2-150x150.jpg\" alt=\"\" width=\"150\" height=\"150\" \/><\/a><figcaption id=\"caption-attachment-216\" class=\"wp-caption-text\">Coupes sur l&rsquo;\u00e9co-quartier<\/figcaption><\/figure>\n","protected":false},"excerpt":{"rendered":"<p>Projet en groupe de 5\u00a0d&rsquo;urbanisation d&rsquo;une zone inondable de la ville de Villeneuve-Le-Roi dans le&#8230;<\/p>\n<div class=\"more-link-wrapper\"><a class=\"more-link\" href=\"https:\/\/anaisinparis.com\/blog\/index.php\/architecture\/plan-durbanisme\/\">Read the post<span class=\"screen-reader-text\">PLAN D&rsquo;URBANISME<\/span><\/a><\/div>\n","protected":false},"author":1,"featured_media":215,"parent":78,"menu_order":0,"comment_status":"closed","ping_status":"closed","template":"","meta":{"iawp_total_views":15,"footnotes":""},"class_list":["post-230","page","type-page","status-publish","has-post-thumbnail","hentry","excerpt","full-without-featured","even","excerpt-0"],"_links":{"self":[{"href":"https:\/\/anaisinparis.com\/blog\/index.php\/wp-json\/wp\/v2\/pages\/230","targetHints":{"allow":["GET"]}}],"collection":[{"href":"https:\/\/anaisinparis.com\/blog\/index.php\/wp-json\/wp\/v2\/pages"}],"about":[{"href":"https:\/\/anaisinparis.com\/blog\/index.php\/wp-json\/wp\/v2\/types\/page"}],"author":[{"embeddable":true,"href":"https:\/\/anaisinparis.com\/blog\/index.php\/wp-json\/wp\/v2\/users\/1"}],"replies":[{"embeddable":true,"href":"https:\/\/anaisinparis.com\/blog\/index.php\/wp-json\/wp\/v2\/comments?post=230"}],"version-history":[{"count":6,"href":"https:\/\/anaisinparis.com\/blog\/index.php\/wp-json\/wp\/v2\/pages\/230\/revisions"}],"predecessor-version":[{"id":574,"href":"https:\/\/anaisinparis.com\/blog\/index.php\/wp-json\/wp\/v2\/pages\/230\/revisions\/574"}],"up":[{"embeddable":true,"href":"https:\/\/anaisinparis.com\/blog\/index.php\/wp-json\/wp\/v2\/pages\/78"}],"wp:featuredmedia":[{"embeddable":true,"href":"https:\/\/anaisinparis.com\/blog\/index.php\/wp-json\/wp\/v2\/media\/215"}],"wp:attachment":[{"href":"https:\/\/anaisinparis.com\/blog\/index.php\/wp-json\/wp\/v2\/media?parent=230"}],"curies":[{"name":"wp","href":"https:\/\/api.w.org\/{rel}","templated":true}]}}

<p>Projet en groupe de 5 d&rsquo;urbanisation d&rsquo;une zone inondable de la ville de Villeneuve-Le-Roi dans le 94 &#8211; Mars à Juin 2016</p>
<p>Ce projet a été réalisé dans le cadre du projet d&rsquo;urbanisme de ma 3ème année de Licence à l&rsquo;Ecole Supérieure de Paris La Villette. Il s&rsquo;agissait d&rsquo;une initiation aux enjeux représentés par l&rsquo;urbanisme dans la construction de la ville et de quartier, aujourd&rsquo;hui. Une première étape nous mena à analyser assez finement le quartier pour en tirer des enjeux, passant d&rsquo;une grande échelle territoriale à une plus petite échelle, celle du quartier. Les enjeux que nous avons fait émergés de notre analyse étaient le caractère international du site par sa proximité avec l&rsquo;aéroport de Orly et également le passage de la futur Ligne à Grande Vitesse (LGV) qui connectera ensemble les périphéries de Paris et en premier lieu les 2 aéroports directement.</p>
<p>Ainsi notre projet s&rsquo;articule autour de l&rsquo;implantation d&rsquo;une gare de cette LGV sur notre site, car son tracé passe non loin de ce site, afin d&rsquo;en faire une plaque multimodale par la connexion avec de nombreux transports (Rer, bus, tram au cœur de notre site, ligne fluviale menant à Paris). De plus nous avons envisagé que notre site deviendrait alors un nouveau centre d&rsquo;affaire pour regroupant alors des expatriés et des espaces de vies internationaux.</p>
<p>Cette étude nous amena à créer un plan directeur ensuite redécoupé en quartier que nous nous sommes alors répartis au sein du groupe. Ainsi j&rsquo;ai réalisé un quartier articulé autour d&rsquo;une rue commerçante proposant un cadre de vie agréable autour de canaux. En effet, la prise en compte de l&rsquo;eau dans notre site était primordial car le site se trouve en zone inondable, nous avons alors imaginé un système de régulation de la montée des eaux par un système de canaux.</p>
<figure id="attachment_219" aria-describedby="caption-attachment-219" style="width: 150px" class="wp-caption alignleft"><a href="http://anaisinparis.com/blog/wp-content/uploads/2017/04/L3S6_analyse_p1.jpg"><img loading="lazy" decoding="async" class="wp-image-219 size-thumbnail" title="Analyse - P1" src="http://anaisinparis.com/blog/wp-content/uploads/2017/04/L3S6_analyse_p1-150x150.jpg" alt="" width="150" height="150" /></a><figcaption id="caption-attachment-219" class="wp-caption-text">Analyse &#8211; P1</figcaption></figure>
<figure id="attachment_220" aria-describedby="caption-attachment-220" style="width: 150px" class="wp-caption alignleft"><a href="http://anaisinparis.com/blog/wp-content/uploads/2017/04/L3S6_analyse_p2.jpg"><img loading="lazy" decoding="async" class="wp-image-220 size-thumbnail" title="Analyse - P2" src="http://anaisinparis.com/blog/wp-content/uploads/2017/04/L3S6_analyse_p2-150x150.jpg" alt="" width="150" height="150" /></a><figcaption id="caption-attachment-220" class="wp-caption-text">Analyse &#8211; P2</figcaption></figure>
<figure id="attachment_217" aria-describedby="caption-attachment-217" style="width: 150px" class="wp-caption alignleft"><img loading="lazy" decoding="async" class="wp-image-217 size-thumbnail" title="Plan directeur" src="http://anaisinparis.com/blog/wp-content/uploads/2017/04/L3S6_urbanisme-planglobal-150x150.jpg" alt="" width="150" height="150" /><figcaption id="caption-attachment-217" class="wp-caption-text">Plan directeur</figcaption></figure>
<figure id="attachment_221" aria-describedby="caption-attachment-221" style="width: 150px" class="wp-caption alignleft"><a href="http://anaisinparis.com/blog/wp-content/uploads/2017/04/L3S6_coupes.jpg"><img loading="lazy" decoding="async" class="wp-image-221 size-thumbnail" title="Coupes urbaines " src="http://anaisinparis.com/blog/wp-content/uploads/2017/04/L3S6_coupes-150x150.jpg" alt="" width="150" height="150" /></a><figcaption id="caption-attachment-221" class="wp-caption-text">Coupes urbaines</figcaption></figure>
<figure id="attachment_218" aria-describedby="caption-attachment-218" style="width: 150px" class="wp-caption alignleft"><a href="http://anaisinparis.com/blog/wp-content/uploads/2017/04/L3S6_3Dsite.jpg"><img loading="lazy" decoding="async" class="wp-image-218 size-thumbnail" title="Axonométrie du quartier" src="http://anaisinparis.com/blog/wp-content/uploads/2017/04/L3S6_3Dsite-150x150.jpg" alt="" width="150" height="150" /></a><figcaption id="caption-attachment-218" class="wp-caption-text">Axonométrie du quartier</figcaption></figure>
<figure id="attachment_215" aria-describedby="caption-attachment-215" style="width: 150px" class="wp-caption alignleft"><a href="http://anaisinparis.com/blog/wp-content/uploads/2017/04/L3S6_urbanisme-ecoq1.jpg"><img loading="lazy" decoding="async" class="wp-image-215 size-thumbnail" title="Réalisation d'un éco-quartier" src="http://anaisinparis.com/blog/wp-content/uploads/2017/04/L3S6_urbanisme-ecoq1-150x150.jpg" alt="" width="150" height="150" /></a><figcaption id="caption-attachment-215" class="wp-caption-text">Réalisation d&rsquo;un éco-quartier</figcaption></figure>
<figure id="attachment_216" aria-describedby="caption-attachment-216" style="width: 150px" class="wp-caption alignleft"><a href="http://anaisinparis.com/blog/wp-content/uploads/2017/04/L3S6_urbanisme-ecoq2.jpg"><img loading="lazy" decoding="async" class="wp-image-216 size-thumbnail" title="Coupes sur l'éco-quartier" src="http://anaisinparis.com/blog/wp-content/uploads/2017/04/L3S6_urbanisme-ecoq2-150x150.jpg" alt="" width="150" height="150" /></a><figcaption id="caption-attachment-216" class="wp-caption-text">Coupes sur l&rsquo;éco-quartier</figcaption></figure>
