{"id":236,"date":"2017-04-08T17:58:02","date_gmt":"2017-04-08T15:58:02","guid":{"rendered":"http:\/\/anaisinparis.com\/blog\/?page_id=236"},"modified":"2018-08-25T14:34:40","modified_gmt":"2018-08-25T12:34:40","slug":"cabanon","status":"publish","type":"page","link":"https:\/\/anaisinparis.com\/blog\/index.php\/architecture\/cabanon\/","title":{"rendered":"CABANON"},"content":{"rendered":"<p>Etude thermique et solution technique pour la r\u00e9alisation d&rsquo;un Cabanon du sud de la France &#8211; Avril 2016<\/p>\n<figure id=\"attachment_210\" aria-describedby=\"caption-attachment-210\" style=\"width: 150px\" class=\"wp-caption alignleft\"><a href=\"http:\/\/anaisinparis.com\/blog\/wp-content\/uploads\/2017\/04\/L3S6_constructioncabanon_p1.jpg\"><img loading=\"lazy\" decoding=\"async\" class=\"wp-image-210 size-thumbnail\" title=\"Plan du Cabanon\" src=\"http:\/\/anaisinparis.com\/blog\/wp-content\/uploads\/2017\/04\/L3S6_constructioncabanon_p1-150x150.jpg\" alt=\"\" width=\"150\" height=\"150\" \/><\/a><figcaption id=\"caption-attachment-210\" class=\"wp-caption-text\">Plan du Cabanon<\/figcaption><\/figure>\n<figure id=\"attachment_211\" aria-describedby=\"caption-attachment-211\" style=\"width: 150px\" class=\"wp-caption alignleft\"><a href=\"http:\/\/anaisinparis.com\/blog\/wp-content\/uploads\/2017\/04\/L3S6_constructioncabanon_p2.jpg\"><img loading=\"lazy\" decoding=\"async\" class=\"wp-image-211 size-thumbnail\" title=\"Coupe longitudinale\" src=\"http:\/\/anaisinparis.com\/blog\/wp-content\/uploads\/2017\/04\/L3S6_constructioncabanon_p2-150x150.jpg\" alt=\"\" width=\"150\" height=\"150\" \/><\/a><figcaption id=\"caption-attachment-211\" class=\"wp-caption-text\">Coupe longitudinale<\/figcaption><\/figure>\n<figure id=\"attachment_212\" aria-describedby=\"caption-attachment-212\" style=\"width: 150px\" class=\"wp-caption alignleft\"><a href=\"http:\/\/anaisinparis.com\/blog\/wp-content\/uploads\/2017\/04\/L3S6_constructioncabanon_p3.jpg\"><img loading=\"lazy\" decoding=\"async\" class=\"wp-image-212 size-thumbnail\" src=\"http:\/\/anaisinparis.com\/blog\/wp-content\/uploads\/2017\/04\/L3S6_constructioncabanon_p3-150x150.jpg\" alt=\"\" width=\"150\" height=\"150\" \/><\/a><figcaption id=\"caption-attachment-212\" class=\"wp-caption-text\">Coupe et rep\u00e9rage des d\u00e9tails<\/figcaption><\/figure>\n<figure id=\"attachment_213\" aria-describedby=\"caption-attachment-213\" style=\"width: 150px\" class=\"wp-caption alignleft\"><a href=\"http:\/\/anaisinparis.com\/blog\/wp-content\/uploads\/2017\/04\/L3S6_constructioncabanon_p4.jpg\"><img loading=\"lazy\" decoding=\"async\" class=\"wp-image-213 size-thumbnail\" title=\"D\u00e9tails constructifs\" src=\"http:\/\/anaisinparis.com\/blog\/wp-content\/uploads\/2017\/04\/L3S6_constructioncabanon_p4-150x150.jpg\" alt=\"\" width=\"150\" height=\"150\" \/><\/a><figcaption id=\"caption-attachment-213\" class=\"wp-caption-text\">D\u00e9tails constructifs<\/figcaption><\/figure>\n<figure id=\"attachment_214\" aria-describedby=\"caption-attachment-214\" style=\"width: 150px\" class=\"wp-caption alignnone\"><a href=\"http:\/\/anaisinparis.com\/blog\/wp-content\/uploads\/2017\/04\/L3S6_constructioncabanon_p5.jpg\"><img loading=\"lazy\" decoding=\"async\" class=\"wp-image-214 size-thumbnail\" title=\"D\u00e9tails constructifs\" src=\"http:\/\/anaisinparis.com\/blog\/wp-content\/uploads\/2017\/04\/L3S6_constructioncabanon_p5-150x150.jpg\" alt=\"\" width=\"150\" height=\"150\" \/><\/a><figcaption id=\"caption-attachment-214\" class=\"wp-caption-text\">D\u00e9tails constructifs<\/figcaption><\/figure>\n<p>Ce travail a \u00e9t\u00e9 r\u00e9alis\u00e9 dans le cadre d&rsquo;un TD (travaux dirig\u00e9s) de construction r\u00e9alis\u00e9 en 3\u00e8me ann\u00e9e de Licence. En partant de l&rsquo;analyse constructive du Cabanon de Le Corbusier, r\u00e9alis\u00e9 dans le Sud de la France, l&rsquo;enjeux \u00e9tait de transformer la construction de mani\u00e8re \u00e0 la rendre passive, c&rsquo;est \u00e0 dire neutre au niveau de la consommation d&rsquo;\u00e9nergie.<\/p>\n<p>Cet exercice m&rsquo;a permis de produire des documents technique de d\u00e9tail et d&rsquo;approcher un peu plus les enjeux de construction d&rsquo;un projet afin de penser aux \u00e9l\u00e9ments qui vont \u00eatre construit.<\/p>\n","protected":false},"excerpt":{"rendered":"<p>Etude thermique et solution technique pour la r\u00e9alisation d&rsquo;un Cabanon du sud de la France&#8230;<\/p>\n<div class=\"more-link-wrapper\"><a class=\"more-link\" href=\"https:\/\/anaisinparis.com\/blog\/index.php\/architecture\/cabanon\/\">Read the post<span class=\"screen-reader-text\">CABANON<\/span><\/a><\/div>\n","protected":false},"author":1,"featured_media":212,"parent":78,"menu_order":0,"comment_status":"closed","ping_status":"closed","template":"","meta":{"iawp_total_views":52,"footnotes":""},"class_list":["post-236","page","type-page","status-publish","has-post-thumbnail","hentry","excerpt","full-without-featured","even","excerpt-0"],"_links":{"self":[{"href":"https:\/\/anaisinparis.com\/blog\/index.php\/wp-json\/wp\/v2\/pages\/236","targetHints":{"allow":["GET"]}}],"collection":[{"href":"https:\/\/anaisinparis.com\/blog\/index.php\/wp-json\/wp\/v2\/pages"}],"about":[{"href":"https:\/\/anaisinparis.com\/blog\/index.php\/wp-json\/wp\/v2\/types\/page"}],"author":[{"embeddable":true,"href":"https:\/\/anaisinparis.com\/blog\/index.php\/wp-json\/wp\/v2\/users\/1"}],"replies":[{"embeddable":true,"href":"https:\/\/anaisinparis.com\/blog\/index.php\/wp-json\/wp\/v2\/comments?post=236"}],"version-history":[{"count":6,"href":"https:\/\/anaisinparis.com\/blog\/index.php\/wp-json\/wp\/v2\/pages\/236\/revisions"}],"predecessor-version":[{"id":564,"href":"https:\/\/anaisinparis.com\/blog\/index.php\/wp-json\/wp\/v2\/pages\/236\/revisions\/564"}],"up":[{"embeddable":true,"href":"https:\/\/anaisinparis.com\/blog\/index.php\/wp-json\/wp\/v2\/pages\/78"}],"wp:featuredmedia":[{"embeddable":true,"href":"https:\/\/anaisinparis.com\/blog\/index.php\/wp-json\/wp\/v2\/media\/212"}],"wp:attachment":[{"href":"https:\/\/anaisinparis.com\/blog\/index.php\/wp-json\/wp\/v2\/media?parent=236"}],"curies":[{"name":"wp","href":"https:\/\/api.w.org\/{rel}","templated":true}]}}

<p>Etude thermique et solution technique pour la réalisation d&rsquo;un Cabanon du sud de la France &#8211; Avril 2016</p>
<figure id="attachment_210" aria-describedby="caption-attachment-210" style="width: 150px" class="wp-caption alignleft"><a href="http://anaisinparis.com/blog/wp-content/uploads/2017/04/L3S6_constructioncabanon_p1.jpg"><img loading="lazy" decoding="async" class="wp-image-210 size-thumbnail" title="Plan du Cabanon" src="http://anaisinparis.com/blog/wp-content/uploads/2017/04/L3S6_constructioncabanon_p1-150x150.jpg" alt="" width="150" height="150" /></a><figcaption id="caption-attachment-210" class="wp-caption-text">Plan du Cabanon</figcaption></figure>
<figure id="attachment_211" aria-describedby="caption-attachment-211" style="width: 150px" class="wp-caption alignleft"><a href="http://anaisinparis.com/blog/wp-content/uploads/2017/04/L3S6_constructioncabanon_p2.jpg"><img loading="lazy" decoding="async" class="wp-image-211 size-thumbnail" title="Coupe longitudinale" src="http://anaisinparis.com/blog/wp-content/uploads/2017/04/L3S6_constructioncabanon_p2-150x150.jpg" alt="" width="150" height="150" /></a><figcaption id="caption-attachment-211" class="wp-caption-text">Coupe longitudinale</figcaption></figure>
<figure id="attachment_212" aria-describedby="caption-attachment-212" style="width: 150px" class="wp-caption alignleft"><a href="http://anaisinparis.com/blog/wp-content/uploads/2017/04/L3S6_constructioncabanon_p3.jpg"><img loading="lazy" decoding="async" class="wp-image-212 size-thumbnail" src="http://anaisinparis.com/blog/wp-content/uploads/2017/04/L3S6_constructioncabanon_p3-150x150.jpg" alt="" width="150" height="150" /></a><figcaption id="caption-attachment-212" class="wp-caption-text">Coupe et repérage des détails</figcaption></figure>
<figure id="attachment_213" aria-describedby="caption-attachment-213" style="width: 150px" class="wp-caption alignleft"><a href="http://anaisinparis.com/blog/wp-content/uploads/2017/04/L3S6_constructioncabanon_p4.jpg"><img loading="lazy" decoding="async" class="wp-image-213 size-thumbnail" title="Détails constructifs" src="http://anaisinparis.com/blog/wp-content/uploads/2017/04/L3S6_constructioncabanon_p4-150x150.jpg" alt="" width="150" height="150" /></a><figcaption id="caption-attachment-213" class="wp-caption-text">Détails constructifs</figcaption></figure>
<figure id="attachment_214" aria-describedby="caption-attachment-214" style="width: 150px" class="wp-caption alignnone"><a href="http://anaisinparis.com/blog/wp-content/uploads/2017/04/L3S6_constructioncabanon_p5.jpg"><img loading="lazy" decoding="async" class="wp-image-214 size-thumbnail" title="Détails constructifs" src="http://anaisinparis.com/blog/wp-content/uploads/2017/04/L3S6_constructioncabanon_p5-150x150.jpg" alt="" width="150" height="150" /></a><figcaption id="caption-attachment-214" class="wp-caption-text">Détails constructifs</figcaption></figure>
<p>Ce travail a été réalisé dans le cadre d&rsquo;un TD (travaux dirigés) de construction réalisé en 3ème année de Licence. En partant de l&rsquo;analyse constructive du Cabanon de Le Corbusier, réalisé dans le Sud de la France, l&rsquo;enjeux était de transformer la construction de manière à la rendre passive, c&rsquo;est à dire neutre au niveau de la consommation d&rsquo;énergie.</p>
<p>Cet exercice m&rsquo;a permis de produire des documents technique de détail et d&rsquo;approcher un peu plus les enjeux de construction d&rsquo;un projet afin de penser aux éléments qui vont être construit.</p>

<p>Etude thermique et solution technique pour la réalisation d&rsquo;un Cabanon du sud de la France&#8230;</p>
<div class="more-link-wrapper"><a class="more-link" href="https://anaisinparis.com/blog/index.php/architecture/cabanon/">Read the post<span class="screen-reader-text">CABANON</span></a></div>
