{"id":265,"date":"2017-04-08T18:41:31","date_gmt":"2017-04-08T16:41:31","guid":{"rendered":"http:\/\/anaisinparis.com\/blog\/?page_id=265"},"modified":"2018-08-25T15:41:45","modified_gmt":"2018-08-25T13:41:45","slug":"creche-de-hauteville","status":"publish","type":"page","link":"https:\/\/anaisinparis.com\/blog\/index.php\/realisation-architecturale\/rehabilitation-salles-de-pauses\/creche-de-hauteville\/","title":{"rendered":"CRECHE DE HAUTEVILLE"},"content":{"rendered":"<p>Cr\u00e9ation d&rsquo;une nouvelle salle de pause pour le personnel de la cr\u00e8che Hauteville sous direction de l&rsquo;association La Maison Kangourou &#8211; \u00e9t\u00e9 2016.<\/p>\n<p>Il s&rsquo;agissait de revoir l&rsquo;am\u00e9nagement de la pi\u00e8ce qui se situait en sous sol de la cr\u00e8che, au m\u00eame endroit que la fosse sceptique. Pour des raisons sanitaire il \u00e9tait imp\u00e9ratif de pr\u00e9voir son changement d&#8217;emplacement. Heureusement le sous-sol est grand et nous avons pu rem\u00e9dier \u00e0 \u00e7a en intervertissant la salle de pause avec d&rsquo;ancien bureaux inoccup\u00e9s. La nouvelle pi\u00e8ce poss\u00e8de des caract\u00e9ristiques singuli\u00e8res par son plafond en poutrelles m\u00e9talliques et remplissage par hourdis de brique qui lui donne un aspect vout\u00e9 que j&rsquo;ai choisi de conserver et de mettre en avant par un \u00e9clairage sur c\u00e2ble mis \u00e0 distance de celui-ci, car la hauteur sous poutrelle de 2m70 nous le permettait.<\/p>\n<p>Dans ce projet j&rsquo;ai choisi de cr\u00e9er deux espaces diff\u00e9rents. Un premier en face de l&rsquo;ouverture de la porte, comprenant une cuisine avec un large plan de travail, ainsi qu&rsquo;une table de repas. Pour donner un c\u00f4t\u00e9 plus convivial, et sachant que le personnel est nombreux sur cette cr\u00e8che, j&rsquo;ai choisi un banc pour les assises ainsi que des chaises. Le second espace est constitu\u00e9 d&rsquo;une banquette coffre, qui offre une multitude de rangements. Cet espaces est plut\u00f4t d\u00e9di\u00e9 au repos, \u00e0 la d\u00e9tente autour d&rsquo;un caf\u00e9, et pourquoi pas au r\u00e9union parfois effectu\u00e9es en salle de pause.<\/p>\n<figure id=\"attachment_256\" aria-describedby=\"caption-attachment-256\" style=\"width: 150px\" class=\"wp-caption alignleft\"><a href=\"http:\/\/anaisinparis.com\/blog\/wp-content\/uploads\/2017\/04\/Cr\u00e8che-Hauteville-am\u00e9nagement-g\u00e9n\u00e9ral.jpg\"><img loading=\"lazy\" decoding=\"async\" class=\"wp-image-256 size-thumbnail\" title=\"Plan d'am\u00e9nagement\" src=\"http:\/\/anaisinparis.com\/blog\/wp-content\/uploads\/2017\/04\/Cr\u00e8che-Hauteville-am\u00e9nagement-g\u00e9n\u00e9ral-150x150.jpg\" alt=\"\" width=\"150\" height=\"150\" \/><\/a><figcaption id=\"caption-attachment-256\" class=\"wp-caption-text\">Plan de rep\u00e9rage de la nouvelle salle de pause<\/figcaption><\/figure>\n<figure id=\"attachment_263\" aria-describedby=\"caption-attachment-263\" style=\"width: 150px\" class=\"wp-caption alignleft\"><a href=\"http:\/\/anaisinparis.com\/blog\/wp-content\/uploads\/2017\/04\/Cr\u00e8che-Hauteville-rep\u00e9rage-des-coussins.jpg\"><img loading=\"lazy\" decoding=\"async\" class=\"wp-image-263 size-thumbnail\" title=\"Meuble banquette sur mesure\" src=\"http:\/\/anaisinparis.com\/blog\/wp-content\/uploads\/2017\/04\/Cr\u00e8che-Hauteville-rep\u00e9rage-des-coussins-150x150.jpg\" alt=\"\" width=\"150\" height=\"150\" \/><\/a><figcaption id=\"caption-attachment-263\" class=\"wp-caption-text\">Plan du mobilier sur mesure<\/figcaption><\/figure>\n<figure id=\"attachment_262\" aria-describedby=\"caption-attachment-262\" style=\"width: 150px\" class=\"wp-caption alignleft\"><a href=\"http:\/\/anaisinparis.com\/blog\/wp-content\/uploads\/2017\/04\/Cr\u00e8che-Hauteville-Plan-de-la-cuisine-V2.jpg\"><img loading=\"lazy\" decoding=\"async\" class=\"wp-image-262 size-thumbnail\" title=\"Rep\u00e9rage de la cuisine\" src=\"http:\/\/anaisinparis.com\/blog\/wp-content\/uploads\/2017\/04\/Cr\u00e8che-Hauteville-Plan-de-la-cuisine-V2-150x150.jpg\" alt=\"\" width=\"150\" height=\"150\" \/><\/a><figcaption id=\"caption-attachment-262\" class=\"wp-caption-text\">Plan de rep\u00e9rage des \u00e9l\u00e9ments constitutif de la cuisine<\/figcaption><\/figure>\n<figure id=\"attachment_261\" aria-describedby=\"caption-attachment-261\" style=\"width: 150px\" class=\"wp-caption alignleft\"><a href=\"http:\/\/anaisinparis.com\/blog\/wp-content\/uploads\/2017\/04\/Cr\u00e8che-Hauteville-plan-de-la-banquette.jpg\"><img loading=\"lazy\" decoding=\"async\" class=\"wp-image-261 size-thumbnail\" title=\"Elements sur mesure\" src=\"http:\/\/anaisinparis.com\/blog\/wp-content\/uploads\/2017\/04\/Cr\u00e8che-Hauteville-plan-de-la-banquette-150x150.jpg\" alt=\"\" width=\"150\" height=\"150\" \/><\/a><figcaption id=\"caption-attachment-261\" class=\"wp-caption-text\">Rep\u00e9rage des \u00e9l\u00e9ments constitutifs du meuble sur mesure<\/figcaption><\/figure>\n<figure id=\"attachment_260\" aria-describedby=\"caption-attachment-260\" style=\"width: 150px\" class=\"wp-caption alignleft\"><a href=\"http:\/\/anaisinparis.com\/blog\/wp-content\/uploads\/2017\/04\/Cr\u00e8che-Hauteville-Meuble-c\u00f4t\u00e9-salon.jpg\"><img loading=\"lazy\" decoding=\"async\" class=\"wp-image-260 size-thumbnail\" title=\"Emplacement du meuble s\u00e9paratif\" src=\"http:\/\/anaisinparis.com\/blog\/wp-content\/uploads\/2017\/04\/Cr\u00e8che-Hauteville-Meuble-c\u00f4t\u00e9-salon-150x150.jpg\" alt=\"\" width=\"150\" height=\"150\" \/><\/a><figcaption id=\"caption-attachment-260\" class=\"wp-caption-text\">Emplacement du meuble s\u00e9paratif<\/figcaption><\/figure>\n<figure id=\"attachment_259\" aria-describedby=\"caption-attachment-259\" style=\"width: 150px\" class=\"wp-caption alignleft\"><a href=\"http:\/\/anaisinparis.com\/blog\/wp-content\/uploads\/2017\/04\/Cr\u00e8che-Hauteville-Meuble-c\u00f4t\u00e9-salon-\u00e9l\u00e9vation.jpg\"><img loading=\"lazy\" decoding=\"async\" class=\"wp-image-259 size-thumbnail\" title=\"Motif meuble s\u00e9paratif\" src=\"http:\/\/anaisinparis.com\/blog\/wp-content\/uploads\/2017\/04\/Cr\u00e8che-Hauteville-Meuble-c\u00f4t\u00e9-salon-\u00e9l\u00e9vation-150x150.jpg\" alt=\"\" width=\"150\" height=\"150\" \/><\/a><figcaption id=\"caption-attachment-259\" class=\"wp-caption-text\">Motif dessin\u00e9 par le meuble s\u00e9paratif<\/figcaption><\/figure>\n<figure id=\"attachment_258\" aria-describedby=\"caption-attachment-258\" style=\"width: 150px\" class=\"wp-caption alignleft\"><a href=\"http:\/\/anaisinparis.com\/blog\/wp-content\/uploads\/2017\/04\/Cr\u00e8che-Hauteville-\u00e9l\u00e9vation-de-la-cuisine-V2.jpg\"><img loading=\"lazy\" decoding=\"async\" class=\"wp-image-258 size-thumbnail\" title=\"\u00c9l\u00e9vation de la cuisine\" src=\"http:\/\/anaisinparis.com\/blog\/wp-content\/uploads\/2017\/04\/Cr\u00e8che-Hauteville-\u00e9l\u00e9vation-de-la-cuisine-V2-150x150.jpg\" alt=\"\" width=\"150\" height=\"150\" \/><\/a><figcaption id=\"caption-attachment-258\" class=\"wp-caption-text\">\u00c9l\u00e9vation de la cuisine<\/figcaption><\/figure>\n<figure id=\"attachment_257\" aria-describedby=\"caption-attachment-257\" style=\"width: 150px\" class=\"wp-caption alignleft\"><a href=\"http:\/\/anaisinparis.com\/blog\/wp-content\/uploads\/2017\/04\/Cr\u00e8che-Hauteville-coupes-de-la-banquette.jpg\"><img loading=\"lazy\" decoding=\"async\" class=\"wp-image-257 size-thumbnail\" title=\"Coupe du meuble sur mesure\" src=\"http:\/\/anaisinparis.com\/blog\/wp-content\/uploads\/2017\/04\/Cr\u00e8che-Hauteville-coupes-de-la-banquette-150x150.jpg\" alt=\"\" width=\"150\" height=\"150\" \/><\/a><figcaption id=\"caption-attachment-257\" class=\"wp-caption-text\">Coupe du meuble sur mesure<\/figcaption><\/figure>\n<figure id=\"attachment_255\" aria-describedby=\"caption-attachment-255\" style=\"width: 150px\" class=\"wp-caption alignleft\"><a href=\"http:\/\/anaisinparis.com\/blog\/wp-content\/uploads\/2017\/04\/20160819_171804.jpg\"><img loading=\"lazy\" decoding=\"async\" class=\"wp-image-255 size-thumbnail\" title=\"Photo de la table\" src=\"http:\/\/anaisinparis.com\/blog\/wp-content\/uploads\/2017\/04\/20160819_171804-150x150.jpg\" alt=\"\" width=\"150\" height=\"150\" \/><\/a><figcaption id=\"caption-attachment-255\" class=\"wp-caption-text\">Photo de la table<\/figcaption><\/figure>\n<figure id=\"attachment_254\" aria-describedby=\"caption-attachment-254\" style=\"width: 150px\" class=\"wp-caption alignleft\"><a href=\"http:\/\/anaisinparis.com\/blog\/wp-content\/uploads\/2017\/04\/20160819_171747-e1491668522625.jpg\"><img loading=\"lazy\" decoding=\"async\" class=\"wp-image-254 size-thumbnail\" title=\"Photo du coin repos\" src=\"http:\/\/anaisinparis.com\/blog\/wp-content\/uploads\/2017\/04\/20160819_171747-e1491668522625-150x150.jpg\" alt=\"\" width=\"150\" height=\"150\" \/><\/a><figcaption id=\"caption-attachment-254\" class=\"wp-caption-text\">Photo du coin repos<\/figcaption><\/figure>\n<figure id=\"attachment_246\" aria-describedby=\"caption-attachment-246\" style=\"width: 150px\" class=\"wp-caption alignleft\"><a href=\"http:\/\/anaisinparis.com\/blog\/wp-content\/uploads\/2017\/04\/20160817_145308.jpg\"><img loading=\"lazy\" decoding=\"async\" class=\"wp-image-246 size-thumbnail\" title=\"Photo du coin repas\" src=\"http:\/\/anaisinparis.com\/blog\/wp-content\/uploads\/2017\/04\/20160817_145308-150x150.jpg\" alt=\"\" width=\"150\" height=\"150\" \/><\/a><figcaption id=\"caption-attachment-246\" class=\"wp-caption-text\">Photo du coin repas<\/figcaption><\/figure>\n<figure id=\"attachment_248\" aria-describedby=\"caption-attachment-248\" style=\"width: 150px\" class=\"wp-caption alignleft\"><a href=\"http:\/\/anaisinparis.com\/blog\/wp-content\/uploads\/2017\/04\/20160817_145333-e1491668591942.jpg\"><img loading=\"lazy\" decoding=\"async\" class=\"wp-image-248 size-thumbnail\" title=\"Photo de la table et du meuble s\u00e9paratif\" src=\"http:\/\/anaisinparis.com\/blog\/wp-content\/uploads\/2017\/04\/20160817_145333-e1491668591942-150x150.jpg\" alt=\"\" width=\"150\" height=\"150\" \/><\/a><figcaption id=\"caption-attachment-248\" class=\"wp-caption-text\">Photo de la table et du meuble s\u00e9paratif<\/figcaption><\/figure>\n<p>&nbsp;<\/p>\n<p>&nbsp;<\/p>\n<p>&nbsp;<\/p>\n<p>&nbsp;<\/p>\n<p>&nbsp;<\/p>\n<p>&nbsp;<\/p>\n<p>&nbsp;<\/p>\n<p>&nbsp;<\/p>\n<p>&nbsp;<\/p>\n<p>&nbsp;<\/p>\n<p>&nbsp;<\/p>\n<p>&nbsp;<\/p>\n<p>&nbsp;<\/p>\n<p>&nbsp;<\/p>\n<p>&nbsp;<\/p>\n<p>&nbsp;<\/p>\n<p>Lors de la r\u00e9alisation de ce projet, j&rsquo;ai eu affaire \u00e0 diff\u00e9rents corps de m\u00e9tier. L&rsquo;\u00e9lectricien avec lequel j&rsquo;ai imagin\u00e9 cet \u00e9clairage sur c\u00e2ble tendu, et r\u00e9alis\u00e9 mon choix des spots \u00e0 install\u00e9 dans un but esth\u00e9tique. J&rsquo;ai \u00e9galement imagin\u00e9 le positionnement d&rsquo;un ruban Led \u00e0 l&rsquo;arri\u00e8re des dossiers de la banquette. Le plaquiste avec lequel j&rsquo;ai trait\u00e9 pour d\u00e9poser les anciennes cloisons, et la pose de la nouvelle. Le plombier, afin de pouvoir tirer tous les r\u00e9seaux d&rsquo;arriv\u00e9e et d&rsquo;\u00e9vacuation de l&rsquo;eau de la cuisine. Le menuisier, qui m&rsquo;a aid\u00e9 et apport\u00e9 des conseils dans la r\u00e9alisation du meuble banquette. J&rsquo;ai \u00e9galement g\u00e9r\u00e9 l&rsquo;int\u00e9gralit\u00e9 des achats et des choix de mobiliers, tels que la table, le banc, les tables basses, le meuble s\u00e9paratif, mais \u00e9galement tous les petits \u00e9l\u00e9ments qui contribuent \u00e0 rendre ce lieu convivial et agr\u00e9able, par un miroir, des sets de tables, la composition de bouquets en fausses fleurs, des vases, de tasses \u00e0 caf\u00e9, d&rsquo;un plateau, &#8230;<\/p>\n<p>La conception et la r\u00e9alisation de ce projet c&rsquo;est \u00e9tal\u00e9 de d\u00e9but Juillet 2016 \u00e0 fin Ao\u00fbt 2016.<\/p>\n<p>&nbsp;<\/p>\n<p>&nbsp;<\/p>\n","protected":false},"excerpt":{"rendered":"<p>Cr\u00e9ation d&rsquo;une nouvelle salle de pause pour le personnel de la cr\u00e8che Hauteville sous direction&#8230;<\/p>\n<div class=\"more-link-wrapper\"><a class=\"more-link\" href=\"https:\/\/anaisinparis.com\/blog\/index.php\/realisation-architecturale\/rehabilitation-salles-de-pauses\/creche-de-hauteville\/\">Read the post<span class=\"screen-reader-text\">CRECHE DE HAUTEVILLE<\/span><\/a><\/div>\n","protected":false},"author":1,"featured_media":246,"parent":528,"menu_order":0,"comment_status":"closed","ping_status":"closed","template":"","meta":{"iawp_total_views":0,"footnotes":""},"class_list":["post-265","page","type-page","status-publish","has-post-thumbnail","hentry","excerpt","full-without-featured","even","excerpt-0"],"_links":{"self":[{"href":"https:\/\/anaisinparis.com\/blog\/index.php\/wp-json\/wp\/v2\/pages\/265","targetHints":{"allow":["GET"]}}],"collection":[{"href":"https:\/\/anaisinparis.com\/blog\/index.php\/wp-json\/wp\/v2\/pages"}],"about":[{"href":"https:\/\/anaisinparis.com\/blog\/index.php\/wp-json\/wp\/v2\/types\/page"}],"author":[{"embeddable":true,"href":"https:\/\/anaisinparis.com\/blog\/index.php\/wp-json\/wp\/v2\/users\/1"}],"replies":[{"embeddable":true,"href":"https:\/\/anaisinparis.com\/blog\/index.php\/wp-json\/wp\/v2\/comments?post=265"}],"version-history":[{"count":9,"href":"https:\/\/anaisinparis.com\/blog\/index.php\/wp-json\/wp\/v2\/pages\/265\/revisions"}],"predecessor-version":[{"id":605,"href":"https:\/\/anaisinparis.com\/blog\/index.php\/wp-json\/wp\/v2\/pages\/265\/revisions\/605"}],"up":[{"embeddable":true,"href":"https:\/\/anaisinparis.com\/blog\/index.php\/wp-json\/wp\/v2\/pages\/528"}],"wp:featuredmedia":[{"embeddable":true,"href":"https:\/\/anaisinparis.com\/blog\/index.php\/wp-json\/wp\/v2\/media\/246"}],"wp:attachment":[{"href":"https:\/\/anaisinparis.com\/blog\/index.php\/wp-json\/wp\/v2\/media?parent=265"}],"curies":[{"name":"wp","href":"https:\/\/api.w.org\/{rel}","templated":true}]}}

<p>Création d&rsquo;une nouvelle salle de pause pour le personnel de la crèche Hauteville sous direction de l&rsquo;association La Maison Kangourou &#8211; été 2016.</p>
<p>Il s&rsquo;agissait de revoir l&rsquo;aménagement de la pièce qui se situait en sous sol de la crèche, au même endroit que la fosse sceptique. Pour des raisons sanitaire il était impératif de prévoir son changement d&#8217;emplacement. Heureusement le sous-sol est grand et nous avons pu remédier à ça en intervertissant la salle de pause avec d&rsquo;ancien bureaux inoccupés. La nouvelle pièce possède des caractéristiques singulières par son plafond en poutrelles métalliques et remplissage par hourdis de brique qui lui donne un aspect vouté que j&rsquo;ai choisi de conserver et de mettre en avant par un éclairage sur câble mis à distance de celui-ci, car la hauteur sous poutrelle de 2m70 nous le permettait.</p>
<p>Dans ce projet j&rsquo;ai choisi de créer deux espaces différents. Un premier en face de l&rsquo;ouverture de la porte, comprenant une cuisine avec un large plan de travail, ainsi qu&rsquo;une table de repas. Pour donner un côté plus convivial, et sachant que le personnel est nombreux sur cette crèche, j&rsquo;ai choisi un banc pour les assises ainsi que des chaises. Le second espace est constitué d&rsquo;une banquette coffre, qui offre une multitude de rangements. Cet espaces est plutôt dédié au repos, à la détente autour d&rsquo;un café, et pourquoi pas au réunion parfois effectuées en salle de pause.</p>
<figure id="attachment_256" aria-describedby="caption-attachment-256" style="width: 150px" class="wp-caption alignleft"><a href="http://anaisinparis.com/blog/wp-content/uploads/2017/04/Crèche-Hauteville-aménagement-général.jpg"><img loading="lazy" decoding="async" class="wp-image-256 size-thumbnail" title="Plan d'aménagement" src="http://anaisinparis.com/blog/wp-content/uploads/2017/04/Crèche-Hauteville-aménagement-général-150x150.jpg" alt="" width="150" height="150" /></a><figcaption id="caption-attachment-256" class="wp-caption-text">Plan de repérage de la nouvelle salle de pause</figcaption></figure>
<figure id="attachment_263" aria-describedby="caption-attachment-263" style="width: 150px" class="wp-caption alignleft"><a href="http://anaisinparis.com/blog/wp-content/uploads/2017/04/Crèche-Hauteville-repérage-des-coussins.jpg"><img loading="lazy" decoding="async" class="wp-image-263 size-thumbnail" title="Meuble banquette sur mesure" src="http://anaisinparis.com/blog/wp-content/uploads/2017/04/Crèche-Hauteville-repérage-des-coussins-150x150.jpg" alt="" width="150" height="150" /></a><figcaption id="caption-attachment-263" class="wp-caption-text">Plan du mobilier sur mesure</figcaption></figure>
<figure id="attachment_262" aria-describedby="caption-attachment-262" style="width: 150px" class="wp-caption alignleft"><a href="http://anaisinparis.com/blog/wp-content/uploads/2017/04/Crèche-Hauteville-Plan-de-la-cuisine-V2.jpg"><img loading="lazy" decoding="async" class="wp-image-262 size-thumbnail" title="Repérage de la cuisine" src="http://anaisinparis.com/blog/wp-content/uploads/2017/04/Crèche-Hauteville-Plan-de-la-cuisine-V2-150x150.jpg" alt="" width="150" height="150" /></a><figcaption id="caption-attachment-262" class="wp-caption-text">Plan de repérage des éléments constitutif de la cuisine</figcaption></figure>
<figure id="attachment_261" aria-describedby="caption-attachment-261" style="width: 150px" class="wp-caption alignleft"><a href="http://anaisinparis.com/blog/wp-content/uploads/2017/04/Crèche-Hauteville-plan-de-la-banquette.jpg"><img loading="lazy" decoding="async" class="wp-image-261 size-thumbnail" title="Elements sur mesure" src="http://anaisinparis.com/blog/wp-content/uploads/2017/04/Crèche-Hauteville-plan-de-la-banquette-150x150.jpg" alt="" width="150" height="150" /></a><figcaption id="caption-attachment-261" class="wp-caption-text">Repérage des éléments constitutifs du meuble sur mesure</figcaption></figure>
<figure id="attachment_260" aria-describedby="caption-attachment-260" style="width: 150px" class="wp-caption alignleft"><a href="http://anaisinparis.com/blog/wp-content/uploads/2017/04/Crèche-Hauteville-Meuble-côté-salon.jpg"><img loading="lazy" decoding="async" class="wp-image-260 size-thumbnail" title="Emplacement du meuble séparatif" src="http://anaisinparis.com/blog/wp-content/uploads/2017/04/Crèche-Hauteville-Meuble-côté-salon-150x150.jpg" alt="" width="150" height="150" /></a><figcaption id="caption-attachment-260" class="wp-caption-text">Emplacement du meuble séparatif</figcaption></figure>
<figure id="attachment_259" aria-describedby="caption-attachment-259" style="width: 150px" class="wp-caption alignleft"><a href="http://anaisinparis.com/blog/wp-content/uploads/2017/04/Crèche-Hauteville-Meuble-côté-salon-élévation.jpg"><img loading="lazy" decoding="async" class="wp-image-259 size-thumbnail" title="Motif meuble séparatif" src="http://anaisinparis.com/blog/wp-content/uploads/2017/04/Crèche-Hauteville-Meuble-côté-salon-élévation-150x150.jpg" alt="" width="150" height="150" /></a><figcaption id="caption-attachment-259" class="wp-caption-text">Motif dessiné par le meuble séparatif</figcaption></figure>
<figure id="attachment_258" aria-describedby="caption-attachment-258" style="width: 150px" class="wp-caption alignleft"><a href="http://anaisinparis.com/blog/wp-content/uploads/2017/04/Crèche-Hauteville-élévation-de-la-cuisine-V2.jpg"><img loading="lazy" decoding="async" class="wp-image-258 size-thumbnail" title="Élévation de la cuisine" src="http://anaisinparis.com/blog/wp-content/uploads/2017/04/Crèche-Hauteville-élévation-de-la-cuisine-V2-150x150.jpg" alt="" width="150" height="150" /></a><figcaption id="caption-attachment-258" class="wp-caption-text">Élévation de la cuisine</figcaption></figure>
<figure id="attachment_257" aria-describedby="caption-attachment-257" style="width: 150px" class="wp-caption alignleft"><a href="http://anaisinparis.com/blog/wp-content/uploads/2017/04/Crèche-Hauteville-coupes-de-la-banquette.jpg"><img loading="lazy" decoding="async" class="wp-image-257 size-thumbnail" title="Coupe du meuble sur mesure" src="http://anaisinparis.com/blog/wp-content/uploads/2017/04/Crèche-Hauteville-coupes-de-la-banquette-150x150.jpg" alt="" width="150" height="150" /></a><figcaption id="caption-attachment-257" class="wp-caption-text">Coupe du meuble sur mesure</figcaption></figure>
<figure id="attachment_255" aria-describedby="caption-attachment-255" style="width: 150px" class="wp-caption alignleft"><a href="http://anaisinparis.com/blog/wp-content/uploads/2017/04/20160819_171804.jpg"><img loading="lazy" decoding="async" class="wp-image-255 size-thumbnail" title="Photo de la table" src="http://anaisinparis.com/blog/wp-content/uploads/2017/04/20160819_171804-150x150.jpg" alt="" width="150" height="150" /></a><figcaption id="caption-attachment-255" class="wp-caption-text">Photo de la table</figcaption></figure>
<figure id="attachment_254" aria-describedby="caption-attachment-254" style="width: 150px" class="wp-caption alignleft"><a href="http://anaisinparis.com/blog/wp-content/uploads/2017/04/20160819_171747-e1491668522625.jpg"><img loading="lazy" decoding="async" class="wp-image-254 size-thumbnail" title="Photo du coin repos" src="http://anaisinparis.com/blog/wp-content/uploads/2017/04/20160819_171747-e1491668522625-150x150.jpg" alt="" width="150" height="150" /></a><figcaption id="caption-attachment-254" class="wp-caption-text">Photo du coin repos</figcaption></figure>
<figure id="attachment_246" aria-describedby="caption-attachment-246" style="width: 150px" class="wp-caption alignleft"><a href="http://anaisinparis.com/blog/wp-content/uploads/2017/04/20160817_145308.jpg"><img loading="lazy" decoding="async" class="wp-image-246 size-thumbnail" title="Photo du coin repas" src="http://anaisinparis.com/blog/wp-content/uploads/2017/04/20160817_145308-150x150.jpg" alt="" width="150" height="150" /></a><figcaption id="caption-attachment-246" class="wp-caption-text">Photo du coin repas</figcaption></figure>
<figure id="attachment_248" aria-describedby="caption-attachment-248" style="width: 150px" class="wp-caption alignleft"><a href="http://anaisinparis.com/blog/wp-content/uploads/2017/04/20160817_145333-e1491668591942.jpg"><img loading="lazy" decoding="async" class="wp-image-248 size-thumbnail" title="Photo de la table et du meuble séparatif" src="http://anaisinparis.com/blog/wp-content/uploads/2017/04/20160817_145333-e1491668591942-150x150.jpg" alt="" width="150" height="150" /></a><figcaption id="caption-attachment-248" class="wp-caption-text">Photo de la table et du meuble séparatif</figcaption></figure>
<p>&nbsp;</p>
<p>&nbsp;</p>
<p>&nbsp;</p>
<p>&nbsp;</p>
<p>&nbsp;</p>
<p>&nbsp;</p>
<p>&nbsp;</p>
<p>&nbsp;</p>
<p>&nbsp;</p>
<p>&nbsp;</p>
<p>&nbsp;</p>
<p>&nbsp;</p>
<p>&nbsp;</p>
<p>&nbsp;</p>
<p>&nbsp;</p>
<p>&nbsp;</p>
<p>Lors de la réalisation de ce projet, j&rsquo;ai eu affaire à différents corps de métier. L&rsquo;électricien avec lequel j&rsquo;ai imaginé cet éclairage sur câble tendu, et réalisé mon choix des spots à installé dans un but esthétique. J&rsquo;ai également imaginé le positionnement d&rsquo;un ruban Led à l&rsquo;arrière des dossiers de la banquette. Le plaquiste avec lequel j&rsquo;ai traité pour déposer les anciennes cloisons, et la pose de la nouvelle. Le plombier, afin de pouvoir tirer tous les réseaux d&rsquo;arrivée et d&rsquo;évacuation de l&rsquo;eau de la cuisine. Le menuisier, qui m&rsquo;a aidé et apporté des conseils dans la réalisation du meuble banquette. J&rsquo;ai également géré l&rsquo;intégralité des achats et des choix de mobiliers, tels que la table, le banc, les tables basses, le meuble séparatif, mais également tous les petits éléments qui contribuent à rendre ce lieu convivial et agréable, par un miroir, des sets de tables, la composition de bouquets en fausses fleurs, des vases, de tasses à café, d&rsquo;un plateau, &#8230;</p>
<p>La conception et la réalisation de ce projet c&rsquo;est étalé de début Juillet 2016 à fin Août 2016.</p>
<p>&nbsp;</p>
<p>&nbsp;</p>

<p>Création d&rsquo;une nouvelle salle de pause pour le personnel de la crèche Hauteville sous direction&#8230;</p>
<div class="more-link-wrapper"><a class="more-link" href="https://anaisinparis.com/blog/index.php/realisation-architecturale/rehabilitation-salles-de-pauses/creche-de-hauteville/">Read the post<span class="screen-reader-text">CRECHE DE HAUTEVILLE</span></a></div>
