{"id":276,"date":"2017-04-08T18:56:23","date_gmt":"2017-04-08T16:56:23","guid":{"rendered":"http:\/\/anaisinparis.com\/blog\/?page_id=276"},"modified":"2018-08-25T15:37:48","modified_gmt":"2018-08-25T13:37:48","slug":"creche-de-chapelle","status":"publish","type":"page","link":"https:\/\/anaisinparis.com\/blog\/index.php\/realisation-architecturale\/rehabilitation-salles-de-pauses\/creche-de-chapelle\/","title":{"rendered":"CRECHE DE CHAPELLE"},"content":{"rendered":"<p>R\u00e9am\u00e9nagement complet de la salle de pause d\u00e9di\u00e9e au personnel de la cr\u00e8che de Chapelle sous la direction de l&rsquo;association La Maison Kangourou &#8211; \u00e9t\u00e9 2016.<\/p>\n<p>Il s&rsquo;agissait de revoir l&rsquo;am\u00e9nagement de la pi\u00e8ce qui fait 10m\u00b2 et dont l&rsquo;ancien am\u00e9nagement ne permettait pas le repos et le confort du personnel. L&rsquo;espace accueillait seulement un espace cuisine et une grande table ronde qui ne permettait qu&rsquo;\u00e0 4 personnes de s&rsquo;y installer. La contrainte r\u00e9sidait dans le positionnement de la seule fen\u00eatre du local, situ\u00e9e en hauteur, qui \u00e9tait d\u00e9sservie auparavant pas une longue coursive de 3m\u00b2.<\/p>\n<p>Ainsi l&rsquo;espace comprend un coin cuisine, regroupant les conditions n\u00e9cessaires \u00e0 la pr\u00e9paration de repas. Une banquette prend place sur le mur du fond proposant un coin repas avec une table et des chaises, ainsi qu&rsquo;un coin repos, constitu\u00e9 d&rsquo;une m\u00e9ridienne s\u00e9par\u00e9e par une \u00e9tag\u00e8re. De plus, les 3 marches n\u00e9cessaires \u00e0 l&rsquo;ouverture de la fen\u00eatre prennent place au dos de la biblioth\u00e8que.<\/p>\n<figure id=\"attachment_269\" aria-describedby=\"caption-attachment-269\" style=\"width: 150px\" class=\"wp-caption alignleft\"><a href=\"http:\/\/anaisinparis.com\/blog\/wp-content\/uploads\/2017\/04\/Cr\u00e8che-Chapelle-am\u00e9nagement.jpg\"><img loading=\"lazy\" decoding=\"async\" class=\"wp-image-269 size-thumbnail\" title=\"Plan d'am\u00e9nagement\" src=\"http:\/\/anaisinparis.com\/blog\/wp-content\/uploads\/2017\/04\/Cr\u00e8che-Chapelle-am\u00e9nagement-150x150.jpg\" alt=\"\" width=\"150\" height=\"150\" \/><\/a><figcaption id=\"caption-attachment-269\" class=\"wp-caption-text\">Plan d&rsquo;am\u00e9nagement<\/figcaption><\/figure>\n<figure id=\"attachment_270\" aria-describedby=\"caption-attachment-270\" style=\"width: 150px\" class=\"wp-caption alignleft\"><a href=\"http:\/\/anaisinparis.com\/blog\/wp-content\/uploads\/2017\/04\/Cr\u00e8che-Chapelle-coupeA-du-meuble-1-20.jpg\"><img loading=\"lazy\" decoding=\"async\" class=\"wp-image-270 size-thumbnail\" title=\"Coupes mobilier\" src=\"http:\/\/anaisinparis.com\/blog\/wp-content\/uploads\/2017\/04\/Cr\u00e8che-Chapelle-coupeA-du-meuble-1-20-150x150.jpg\" alt=\"\" width=\"150\" height=\"150\" \/><\/a><figcaption id=\"caption-attachment-270\" class=\"wp-caption-text\">Coupes sur le mobilier cr\u00e9\u00e9 sur mesure<\/figcaption><\/figure>\n<figure id=\"attachment_271\" aria-describedby=\"caption-attachment-271\" style=\"width: 150px\" class=\"wp-caption alignleft\"><a href=\"http:\/\/anaisinparis.com\/blog\/wp-content\/uploads\/2017\/04\/Cr\u00e8che-Chapelle-coupeB-du-meuble-1-20.jpg\"><img loading=\"lazy\" decoding=\"async\" class=\"wp-image-271 size-thumbnail\" title=\"Coupes mobilier\" src=\"http:\/\/anaisinparis.com\/blog\/wp-content\/uploads\/2017\/04\/Cr\u00e8che-Chapelle-coupeB-du-meuble-1-20-150x150.jpg\" alt=\"\" width=\"150\" height=\"150\" \/><\/a><figcaption id=\"caption-attachment-271\" class=\"wp-caption-text\">Coupes sur le mobilier cr\u00e9\u00e9 sur mesure<\/figcaption><\/figure>\n<figure id=\"attachment_272\" aria-describedby=\"caption-attachment-272\" style=\"width: 150px\" class=\"wp-caption alignleft\"><a href=\"http:\/\/anaisinparis.com\/blog\/wp-content\/uploads\/2017\/04\/Cr\u00e8che-Chapelle-\u00e9l\u00e9vation-cuisine.jpg\"><img loading=\"lazy\" decoding=\"async\" class=\"wp-image-272 size-thumbnail\" title=\"El\u00e9ments cuisine\" src=\"http:\/\/anaisinparis.com\/blog\/wp-content\/uploads\/2017\/04\/Cr\u00e8che-Chapelle-\u00e9l\u00e9vation-cuisine-150x150.jpg\" alt=\"\" width=\"150\" height=\"150\" \/><\/a><figcaption id=\"caption-attachment-272\" class=\"wp-caption-text\">Rep\u00e9rage des \u00e9l\u00e9ments de montage de la cuisine<\/figcaption><\/figure>\n<figure id=\"attachment_273\" aria-describedby=\"caption-attachment-273\" style=\"width: 150px\" class=\"wp-caption alignleft\"><a href=\"http:\/\/anaisinparis.com\/blog\/wp-content\/uploads\/2017\/04\/Cr\u00e8che-Chapelle-plan-du-meuble-1-20.jpg\"><img loading=\"lazy\" decoding=\"async\" class=\"wp-image-273 size-thumbnail\" title=\"Meubles sur mesure\" src=\"http:\/\/anaisinparis.com\/blog\/wp-content\/uploads\/2017\/04\/Cr\u00e8che-Chapelle-plan-du-meuble-1-20-150x150.jpg\" alt=\"\" width=\"150\" height=\"150\" \/><\/a><figcaption id=\"caption-attachment-273\" class=\"wp-caption-text\">Plan de rep\u00e9rage des \u00e9l\u00e9ments constitutifs du meuble sur mesure<\/figcaption><\/figure>\n<figure id=\"attachment_274\" aria-describedby=\"caption-attachment-274\" style=\"width: 150px\" class=\"wp-caption alignleft\"><a href=\"http:\/\/anaisinparis.com\/blog\/wp-content\/uploads\/2017\/04\/Cr\u00e8che-Chapelle-rep\u00e9rage-des-coussins.jpg\"><img loading=\"lazy\" decoding=\"async\" class=\"wp-image-274 size-thumbnail\" title=\"Les coussins\" src=\"http:\/\/anaisinparis.com\/blog\/wp-content\/uploads\/2017\/04\/Cr\u00e8che-Chapelle-rep\u00e9rage-des-coussins-150x150.jpg\" alt=\"\" width=\"150\" height=\"150\" \/><\/a><figcaption id=\"caption-attachment-274\" class=\"wp-caption-text\">Plan de rep\u00e9rage et dimensionnement des coussins<\/figcaption><\/figure>\n<figure id=\"attachment_253\" aria-describedby=\"caption-attachment-253\" style=\"width: 150px\" class=\"wp-caption alignleft\"><a href=\"http:\/\/anaisinparis.com\/blog\/wp-content\/uploads\/2017\/04\/20160819_162123.jpg\"><img loading=\"lazy\" decoding=\"async\" class=\"wp-image-253 size-thumbnail\" title=\"Photo apr\u00e8s r\u00e9alisation\" src=\"http:\/\/anaisinparis.com\/blog\/wp-content\/uploads\/2017\/04\/20160819_162123-150x150.jpg\" alt=\"\" width=\"150\" height=\"150\" \/><\/a><figcaption id=\"caption-attachment-253\" class=\"wp-caption-text\">Photo apr\u00e8s r\u00e9alisation<\/figcaption><\/figure>\n<figure id=\"attachment_252\" aria-describedby=\"caption-attachment-252\" style=\"width: 150px\" class=\"wp-caption alignleft\"><a href=\"http:\/\/anaisinparis.com\/blog\/wp-content\/uploads\/2017\/04\/20160819_162104-e1491668554795.jpg\"><img loading=\"lazy\" decoding=\"async\" class=\"wp-image-252 size-thumbnail\" title=\"Photo apr\u00e8s r\u00e9alisation\" src=\"http:\/\/anaisinparis.com\/blog\/wp-content\/uploads\/2017\/04\/20160819_162104-e1491668554795-150x150.jpg\" alt=\"\" width=\"150\" height=\"150\" \/><\/a><figcaption id=\"caption-attachment-252\" class=\"wp-caption-text\">Photo apr\u00e8s r\u00e9alisation<\/figcaption><\/figure>\n<p>&nbsp;<\/p>\n<p>&nbsp;<\/p>\n<p>&nbsp;<\/p>\n<p>&nbsp;<\/p>\n<p>&nbsp;<\/p>\n<p>&nbsp;<\/p>\n<p>&nbsp;<\/p>\n<p>&nbsp;<\/p>\n<p>&nbsp;<\/p>\n<p>&nbsp;<\/p>\n<p>&nbsp;<\/p>\n<p>&nbsp;<\/p>\n<p>Lors de la r\u00e9alisation de ce projet, j&rsquo;ai eu affaire \u00e0 diff\u00e9rents corps de m\u00e9tier. L&rsquo;\u00e9lectricien avec lequel j&rsquo;ai trait\u00e9 pour apporter une meilleure ambiance lumineuse dans ce petit espace pour le rendre plus chaleureux et convivial. Le plombier avec lequel j&rsquo;ai vu pour d\u00e9vier l&rsquo;int\u00e9gralit\u00e9 des r\u00e9seaux d&rsquo;arriv\u00e9e et d&rsquo;\u00e9vacuation d&rsquo;eau, afin que la cuisine prenne place dans l&rsquo;angle oppos\u00e9 \u00e0 celui initial. Le menuisier qui m&rsquo;a aid\u00e9 et apporter des conseils dans la r\u00e9alisation du meuble banquette. J&rsquo;ai \u00e9galement g\u00e9r\u00e9 l&rsquo;int\u00e9gralit\u00e9 des achats afin de rendre ce lieu\u00a0praticable, avec l&rsquo;achat d&rsquo;une table et de chaises, mais aussi\u00a0agr\u00e9able, en y ajoutant des sets de table, des miroirs, la composition d&rsquo;un bouquet en fausses fleurs, un vase, des petits cactus, &#8230;<\/p>\n<p>La conception et la r\u00e9alisation de ce projet se sont d\u00e9roul\u00e9es de d\u00e9but juillet 2016 \u00e0 fin ao\u00fbt 2016.<\/p>\n","protected":false},"excerpt":{"rendered":"<p>R\u00e9am\u00e9nagement complet de la salle de pause d\u00e9di\u00e9e au personnel de la cr\u00e8che de Chapelle&#8230;<\/p>\n<div class=\"more-link-wrapper\"><a class=\"more-link\" href=\"https:\/\/anaisinparis.com\/blog\/index.php\/realisation-architecturale\/rehabilitation-salles-de-pauses\/creche-de-chapelle\/\">Read the post<span class=\"screen-reader-text\">CRECHE DE CHAPELLE<\/span><\/a><\/div>\n","protected":false},"author":1,"featured_media":253,"parent":528,"menu_order":0,"comment_status":"closed","ping_status":"closed","template":"","meta":{"iawp_total_views":3,"footnotes":""},"class_list":["post-276","page","type-page","status-publish","has-post-thumbnail","hentry","excerpt","full-without-featured","even","excerpt-0"],"_links":{"self":[{"href":"https:\/\/anaisinparis.com\/blog\/index.php\/wp-json\/wp\/v2\/pages\/276","targetHints":{"allow":["GET"]}}],"collection":[{"href":"https:\/\/anaisinparis.com\/blog\/index.php\/wp-json\/wp\/v2\/pages"}],"about":[{"href":"https:\/\/anaisinparis.com\/blog\/index.php\/wp-json\/wp\/v2\/types\/page"}],"author":[{"embeddable":true,"href":"https:\/\/anaisinparis.com\/blog\/index.php\/wp-json\/wp\/v2\/users\/1"}],"replies":[{"embeddable":true,"href":"https:\/\/anaisinparis.com\/blog\/index.php\/wp-json\/wp\/v2\/comments?post=276"}],"version-history":[{"count":11,"href":"https:\/\/anaisinparis.com\/blog\/index.php\/wp-json\/wp\/v2\/pages\/276\/revisions"}],"predecessor-version":[{"id":602,"href":"https:\/\/anaisinparis.com\/blog\/index.php\/wp-json\/wp\/v2\/pages\/276\/revisions\/602"}],"up":[{"embeddable":true,"href":"https:\/\/anaisinparis.com\/blog\/index.php\/wp-json\/wp\/v2\/pages\/528"}],"wp:featuredmedia":[{"embeddable":true,"href":"https:\/\/anaisinparis.com\/blog\/index.php\/wp-json\/wp\/v2\/media\/253"}],"wp:attachment":[{"href":"https:\/\/anaisinparis.com\/blog\/index.php\/wp-json\/wp\/v2\/media?parent=276"}],"curies":[{"name":"wp","href":"https:\/\/api.w.org\/{rel}","templated":true}]}}

<p>Réaménagement complet de la salle de pause dédiée au personnel de la crèche de Chapelle sous la direction de l&rsquo;association La Maison Kangourou &#8211; été 2016.</p>
<p>Il s&rsquo;agissait de revoir l&rsquo;aménagement de la pièce qui fait 10m² et dont l&rsquo;ancien aménagement ne permettait pas le repos et le confort du personnel. L&rsquo;espace accueillait seulement un espace cuisine et une grande table ronde qui ne permettait qu&rsquo;à 4 personnes de s&rsquo;y installer. La contrainte résidait dans le positionnement de la seule fenêtre du local, située en hauteur, qui était désservie auparavant pas une longue coursive de 3m².</p>
<p>Ainsi l&rsquo;espace comprend un coin cuisine, regroupant les conditions nécessaires à la préparation de repas. Une banquette prend place sur le mur du fond proposant un coin repas avec une table et des chaises, ainsi qu&rsquo;un coin repos, constitué d&rsquo;une méridienne séparée par une étagère. De plus, les 3 marches nécessaires à l&rsquo;ouverture de la fenêtre prennent place au dos de la bibliothèque.</p>
<figure id="attachment_269" aria-describedby="caption-attachment-269" style="width: 150px" class="wp-caption alignleft"><a href="http://anaisinparis.com/blog/wp-content/uploads/2017/04/Crèche-Chapelle-aménagement.jpg"><img loading="lazy" decoding="async" class="wp-image-269 size-thumbnail" title="Plan d'aménagement" src="http://anaisinparis.com/blog/wp-content/uploads/2017/04/Crèche-Chapelle-aménagement-150x150.jpg" alt="" width="150" height="150" /></a><figcaption id="caption-attachment-269" class="wp-caption-text">Plan d&rsquo;aménagement</figcaption></figure>
<figure id="attachment_270" aria-describedby="caption-attachment-270" style="width: 150px" class="wp-caption alignleft"><a href="http://anaisinparis.com/blog/wp-content/uploads/2017/04/Crèche-Chapelle-coupeA-du-meuble-1-20.jpg"><img loading="lazy" decoding="async" class="wp-image-270 size-thumbnail" title="Coupes mobilier" src="http://anaisinparis.com/blog/wp-content/uploads/2017/04/Crèche-Chapelle-coupeA-du-meuble-1-20-150x150.jpg" alt="" width="150" height="150" /></a><figcaption id="caption-attachment-270" class="wp-caption-text">Coupes sur le mobilier créé sur mesure</figcaption></figure>
<figure id="attachment_271" aria-describedby="caption-attachment-271" style="width: 150px" class="wp-caption alignleft"><a href="http://anaisinparis.com/blog/wp-content/uploads/2017/04/Crèche-Chapelle-coupeB-du-meuble-1-20.jpg"><img loading="lazy" decoding="async" class="wp-image-271 size-thumbnail" title="Coupes mobilier" src="http://anaisinparis.com/blog/wp-content/uploads/2017/04/Crèche-Chapelle-coupeB-du-meuble-1-20-150x150.jpg" alt="" width="150" height="150" /></a><figcaption id="caption-attachment-271" class="wp-caption-text">Coupes sur le mobilier créé sur mesure</figcaption></figure>
<figure id="attachment_272" aria-describedby="caption-attachment-272" style="width: 150px" class="wp-caption alignleft"><a href="http://anaisinparis.com/blog/wp-content/uploads/2017/04/Crèche-Chapelle-élévation-cuisine.jpg"><img loading="lazy" decoding="async" class="wp-image-272 size-thumbnail" title="Eléments cuisine" src="http://anaisinparis.com/blog/wp-content/uploads/2017/04/Crèche-Chapelle-élévation-cuisine-150x150.jpg" alt="" width="150" height="150" /></a><figcaption id="caption-attachment-272" class="wp-caption-text">Repérage des éléments de montage de la cuisine</figcaption></figure>
<figure id="attachment_273" aria-describedby="caption-attachment-273" style="width: 150px" class="wp-caption alignleft"><a href="http://anaisinparis.com/blog/wp-content/uploads/2017/04/Crèche-Chapelle-plan-du-meuble-1-20.jpg"><img loading="lazy" decoding="async" class="wp-image-273 size-thumbnail" title="Meubles sur mesure" src="http://anaisinparis.com/blog/wp-content/uploads/2017/04/Crèche-Chapelle-plan-du-meuble-1-20-150x150.jpg" alt="" width="150" height="150" /></a><figcaption id="caption-attachment-273" class="wp-caption-text">Plan de repérage des éléments constitutifs du meuble sur mesure</figcaption></figure>
<figure id="attachment_274" aria-describedby="caption-attachment-274" style="width: 150px" class="wp-caption alignleft"><a href="http://anaisinparis.com/blog/wp-content/uploads/2017/04/Crèche-Chapelle-repérage-des-coussins.jpg"><img loading="lazy" decoding="async" class="wp-image-274 size-thumbnail" title="Les coussins" src="http://anaisinparis.com/blog/wp-content/uploads/2017/04/Crèche-Chapelle-repérage-des-coussins-150x150.jpg" alt="" width="150" height="150" /></a><figcaption id="caption-attachment-274" class="wp-caption-text">Plan de repérage et dimensionnement des coussins</figcaption></figure>
<figure id="attachment_253" aria-describedby="caption-attachment-253" style="width: 150px" class="wp-caption alignleft"><a href="http://anaisinparis.com/blog/wp-content/uploads/2017/04/20160819_162123.jpg"><img loading="lazy" decoding="async" class="wp-image-253 size-thumbnail" title="Photo après réalisation" src="http://anaisinparis.com/blog/wp-content/uploads/2017/04/20160819_162123-150x150.jpg" alt="" width="150" height="150" /></a><figcaption id="caption-attachment-253" class="wp-caption-text">Photo après réalisation</figcaption></figure>
<figure id="attachment_252" aria-describedby="caption-attachment-252" style="width: 150px" class="wp-caption alignleft"><a href="http://anaisinparis.com/blog/wp-content/uploads/2017/04/20160819_162104-e1491668554795.jpg"><img loading="lazy" decoding="async" class="wp-image-252 size-thumbnail" title="Photo après réalisation" src="http://anaisinparis.com/blog/wp-content/uploads/2017/04/20160819_162104-e1491668554795-150x150.jpg" alt="" width="150" height="150" /></a><figcaption id="caption-attachment-252" class="wp-caption-text">Photo après réalisation</figcaption></figure>
<p>&nbsp;</p>
<p>&nbsp;</p>
<p>&nbsp;</p>
<p>&nbsp;</p>
<p>&nbsp;</p>
<p>&nbsp;</p>
<p>&nbsp;</p>
<p>&nbsp;</p>
<p>&nbsp;</p>
<p>&nbsp;</p>
<p>&nbsp;</p>
<p>&nbsp;</p>
<p>Lors de la réalisation de ce projet, j&rsquo;ai eu affaire à différents corps de métier. L&rsquo;électricien avec lequel j&rsquo;ai traité pour apporter une meilleure ambiance lumineuse dans ce petit espace pour le rendre plus chaleureux et convivial. Le plombier avec lequel j&rsquo;ai vu pour dévier l&rsquo;intégralité des réseaux d&rsquo;arrivée et d&rsquo;évacuation d&rsquo;eau, afin que la cuisine prenne place dans l&rsquo;angle opposé à celui initial. Le menuisier qui m&rsquo;a aidé et apporter des conseils dans la réalisation du meuble banquette. J&rsquo;ai également géré l&rsquo;intégralité des achats afin de rendre ce lieu praticable, avec l&rsquo;achat d&rsquo;une table et de chaises, mais aussi agréable, en y ajoutant des sets de table, des miroirs, la composition d&rsquo;un bouquet en fausses fleurs, un vase, des petits cactus, &#8230;</p>
<p>La conception et la réalisation de ce projet se sont déroulées de début juillet 2016 à fin août 2016.</p>

<p>Réaménagement complet de la salle de pause dédiée au personnel de la crèche de Chapelle&#8230;</p>
<div class="more-link-wrapper"><a class="more-link" href="https://anaisinparis.com/blog/index.php/realisation-architecturale/rehabilitation-salles-de-pauses/creche-de-chapelle/">Read the post<span class="screen-reader-text">CRECHE DE CHAPELLE</span></a></div>
