{"id":300,"date":"2017-04-08T19:27:07","date_gmt":"2017-04-08T17:27:07","guid":{"rendered":"http:\/\/anaisinparis.com\/blog\/?page_id=300"},"modified":"2018-08-25T15:44:19","modified_gmt":"2018-08-25T13:44:19","slug":"creche-de-ourcq","status":"publish","type":"page","link":"https:\/\/anaisinparis.com\/blog\/index.php\/realisation-architecturale\/rehabilitation-salles-de-pauses\/creche-de-ourcq\/","title":{"rendered":"CRECHE DE OURCQ"},"content":{"rendered":"<p>Am\u00e9nagement d&rsquo;un nouveau coin salon banquette dans la salle de pause de la cr\u00e8che de Ourcq sous la direction de l&rsquo;association La Maison Kangourou &#8211; \u00e9t\u00e9 2016.<\/p>\n<p>Il s&rsquo;agissait de revoir l&rsquo;am\u00e9nagement de la salle de pause du personnel de la cr\u00e8che, or lors de ma premi\u00e8re visite je l&rsquo;ai trouv\u00e9 en bon \u00e9tat malgr\u00e9 un manque de lieu de rangement et d&rsquo;une partie repos. Mon id\u00e9e fut de seulement proposer l&rsquo;am\u00e9nagement et la conception d&rsquo;un espace de repos permettant au personnel de pouvoir se r\u00e9unir et se reposer sur une banquette qui dispose \u00e9galement de compartiments de rangements. La particularit\u00e9 de cette cr\u00e8che est de poss\u00e9der un th\u00e8me fort que l&rsquo;on retrouve dans la salle de pause, le th\u00e8me Mondrian. Afin de ne pas jurer avec les couleurs d\u00e9j\u00e0 pr\u00e9sente, j&rsquo;ai choisi de rester neutre dans des tons naturel, bois et blanc cass\u00e9.<\/p>\n<figure id=\"attachment_297\" aria-describedby=\"caption-attachment-297\" style=\"width: 150px\" class=\"wp-caption alignleft\"><a href=\"http:\/\/anaisinparis.com\/blog\/wp-content\/uploads\/2017\/04\/Cr\u00e8che-Ourcq-plans-banquette.jpg\"><img loading=\"lazy\" decoding=\"async\" class=\"wp-image-297 size-thumbnail\" title=\"Rep\u00e9rage du meuble banquette \" src=\"http:\/\/anaisinparis.com\/blog\/wp-content\/uploads\/2017\/04\/Cr\u00e8che-Ourcq-plans-banquette-150x150.jpg\" alt=\"\" width=\"150\" height=\"150\" \/><\/a><figcaption id=\"caption-attachment-297\" class=\"wp-caption-text\">Plan de rep\u00e9rage du meuble banquette<\/figcaption><\/figure>\n<figure id=\"attachment_296\" aria-describedby=\"caption-attachment-296\" style=\"width: 150px\" class=\"wp-caption alignleft\"><a href=\"http:\/\/anaisinparis.com\/blog\/wp-content\/uploads\/2017\/04\/Cr\u00e8che-Ourcq-coupes-banquette.jpg\"><img loading=\"lazy\" decoding=\"async\" class=\"wp-image-296 size-thumbnail\" title=\"Coupe sur le meuble banquette\" src=\"http:\/\/anaisinparis.com\/blog\/wp-content\/uploads\/2017\/04\/Cr\u00e8che-Ourcq-coupes-banquette-150x150.jpg\" alt=\"\" width=\"150\" height=\"150\" \/><\/a><figcaption id=\"caption-attachment-296\" class=\"wp-caption-text\">Coupe sur le meuble banquette<\/figcaption><\/figure>\n<figure id=\"attachment_298\" aria-describedby=\"caption-attachment-298\" style=\"width: 150px\" class=\"wp-caption alignleft\"><a href=\"http:\/\/anaisinparis.com\/blog\/wp-content\/uploads\/2017\/04\/Cr\u00e8che-Ourcq-plans-rep\u00e9rage-coussins.jpg\"><img loading=\"lazy\" decoding=\"async\" class=\"wp-image-298 size-thumbnail\" title=\"Rep\u00e9rage des coussins\" src=\"http:\/\/anaisinparis.com\/blog\/wp-content\/uploads\/2017\/04\/Cr\u00e8che-Ourcq-plans-rep\u00e9rage-coussins-150x150.jpg\" alt=\"\" width=\"150\" height=\"150\" \/><\/a><figcaption id=\"caption-attachment-298\" class=\"wp-caption-text\">Rep\u00e9rage des coussins sur mesure<\/figcaption><\/figure>\n<figure id=\"attachment_295\" aria-describedby=\"caption-attachment-295\" style=\"width: 150px\" class=\"wp-caption alignleft\"><a href=\"http:\/\/anaisinparis.com\/blog\/wp-content\/uploads\/2017\/04\/Cr\u00e8che-Ourcq-Casier-de-rgt-Grand-format.jpg\"><img loading=\"lazy\" decoding=\"async\" class=\"wp-image-295 size-thumbnail\" title=\"Meuble de rangement \" src=\"http:\/\/anaisinparis.com\/blog\/wp-content\/uploads\/2017\/04\/Cr\u00e8che-Ourcq-Casier-de-rgt-Grand-format-150x150.jpg\" alt=\"\" width=\"150\" height=\"150\" \/><\/a><figcaption id=\"caption-attachment-295\" class=\"wp-caption-text\">Meuble de rangement pour les Kamishi-Ba\u00ef<\/figcaption><\/figure>\n<figure id=\"attachment_251\" aria-describedby=\"caption-attachment-251\" style=\"width: 150px\" class=\"wp-caption alignleft\"><a href=\"http:\/\/anaisinparis.com\/blog\/wp-content\/uploads\/2017\/04\/20160819_114038-e1491668563947.jpg\"><img loading=\"lazy\" decoding=\"async\" class=\"wp-image-251 size-thumbnail\" title=\"Coin repos sur meuble s\u00e9paratif\" src=\"http:\/\/anaisinparis.com\/blog\/wp-content\/uploads\/2017\/04\/20160819_114038-e1491668563947-150x150.jpg\" alt=\"\" width=\"150\" height=\"150\" \/><\/a><figcaption id=\"caption-attachment-251\" class=\"wp-caption-text\">Coin repos sur meuble s\u00e9paratif<\/figcaption><\/figure>\n<figure id=\"attachment_250\" aria-describedby=\"caption-attachment-250\" style=\"width: 150px\" class=\"wp-caption alignleft\"><a href=\"http:\/\/anaisinparis.com\/blog\/wp-content\/uploads\/2017\/04\/20160819_114023-e1491668571494.jpg\"><img loading=\"lazy\" decoding=\"async\" class=\"wp-image-250 size-thumbnail\" title=\"Coin repos\" src=\"http:\/\/anaisinparis.com\/blog\/wp-content\/uploads\/2017\/04\/20160819_114023-e1491668571494-150x150.jpg\" alt=\"\" width=\"150\" height=\"150\" \/><\/a><figcaption id=\"caption-attachment-250\" class=\"wp-caption-text\">Coin repos<\/figcaption><\/figure>\n<p>&nbsp;<\/p>\n<p>&nbsp;<\/p>\n<p>&nbsp;<\/p>\n<p>&nbsp;<\/p>\n<p>&nbsp;<\/p>\n<p>&nbsp;<\/p>\n<p>&nbsp;<\/p>\n<p>&nbsp;<\/p>\n<p>&nbsp;<\/p>\n<p>&nbsp;<\/p>\n<p>&nbsp;<\/p>\n<p>Lors de la r\u00e9alisation de ce projet, j&rsquo;ai eu affaire \u00e0 diff\u00e9rents corps de m\u00e9tier. L&rsquo;\u00e9lectricien avec lequel j&rsquo;ai\u00a0 imagin\u00e9 le positionnement d&rsquo;un ruban Led \u00e0 l&rsquo;arri\u00e8re des dossiers de la banquette. Le menuisier, qui m&rsquo;a aid\u00e9 et apport\u00e9 des conseils dans la r\u00e9alisation du meuble banquette. J&rsquo;ai \u00e9galement g\u00e9r\u00e9 l&rsquo;int\u00e9gralit\u00e9 des achats et des choix de mobiliers, tels que les tables basses, mais \u00e9galement tous les petits \u00e9l\u00e9ments qui contribuent \u00e0 rendre ce lieu convivial et agr\u00e9able, par un miroir,\u00a0composition d&rsquo;un bouquet en fausses fleurs, des vases, de coussins, &#8230;<\/p>\n<p>La conception et la r\u00e9alisation de ce projet c&rsquo;est \u00e9tal\u00e9 de d\u00e9but Juillet 2016 \u00e0 fin Ao\u00fbt 2016.<\/p>\n","protected":false},"excerpt":{"rendered":"<p>Am\u00e9nagement d&rsquo;un nouveau coin salon banquette dans la salle de pause de la cr\u00e8che de&#8230;<\/p>\n<div class=\"more-link-wrapper\"><a class=\"more-link\" href=\"https:\/\/anaisinparis.com\/blog\/index.php\/realisation-architecturale\/rehabilitation-salles-de-pauses\/creche-de-ourcq\/\">Read the post<span class=\"screen-reader-text\">CRECHE DE OURCQ<\/span><\/a><\/div>\n","protected":false},"author":1,"featured_media":250,"parent":528,"menu_order":0,"comment_status":"closed","ping_status":"closed","template":"","meta":{"iawp_total_views":0,"footnotes":""},"class_list":["post-300","page","type-page","status-publish","has-post-thumbnail","hentry","excerpt","full-without-featured","even","excerpt-0"],"_links":{"self":[{"href":"https:\/\/anaisinparis.com\/blog\/index.php\/wp-json\/wp\/v2\/pages\/300","targetHints":{"allow":["GET"]}}],"collection":[{"href":"https:\/\/anaisinparis.com\/blog\/index.php\/wp-json\/wp\/v2\/pages"}],"about":[{"href":"https:\/\/anaisinparis.com\/blog\/index.php\/wp-json\/wp\/v2\/types\/page"}],"author":[{"embeddable":true,"href":"https:\/\/anaisinparis.com\/blog\/index.php\/wp-json\/wp\/v2\/users\/1"}],"replies":[{"embeddable":true,"href":"https:\/\/anaisinparis.com\/blog\/index.php\/wp-json\/wp\/v2\/comments?post=300"}],"version-history":[{"count":8,"href":"https:\/\/anaisinparis.com\/blog\/index.php\/wp-json\/wp\/v2\/pages\/300\/revisions"}],"predecessor-version":[{"id":608,"href":"https:\/\/anaisinparis.com\/blog\/index.php\/wp-json\/wp\/v2\/pages\/300\/revisions\/608"}],"up":[{"embeddable":true,"href":"https:\/\/anaisinparis.com\/blog\/index.php\/wp-json\/wp\/v2\/pages\/528"}],"wp:featuredmedia":[{"embeddable":true,"href":"https:\/\/anaisinparis.com\/blog\/index.php\/wp-json\/wp\/v2\/media\/250"}],"wp:attachment":[{"href":"https:\/\/anaisinparis.com\/blog\/index.php\/wp-json\/wp\/v2\/media?parent=300"}],"curies":[{"name":"wp","href":"https:\/\/api.w.org\/{rel}","templated":true}]}}

<p>Aménagement d&rsquo;un nouveau coin salon banquette dans la salle de pause de la crèche de Ourcq sous la direction de l&rsquo;association La Maison Kangourou &#8211; été 2016.</p>
<p>Il s&rsquo;agissait de revoir l&rsquo;aménagement de la salle de pause du personnel de la crèche, or lors de ma première visite je l&rsquo;ai trouvé en bon état malgré un manque de lieu de rangement et d&rsquo;une partie repos. Mon idée fut de seulement proposer l&rsquo;aménagement et la conception d&rsquo;un espace de repos permettant au personnel de pouvoir se réunir et se reposer sur une banquette qui dispose également de compartiments de rangements. La particularité de cette crèche est de posséder un thème fort que l&rsquo;on retrouve dans la salle de pause, le thème Mondrian. Afin de ne pas jurer avec les couleurs déjà présente, j&rsquo;ai choisi de rester neutre dans des tons naturel, bois et blanc cassé.</p>
<figure id="attachment_297" aria-describedby="caption-attachment-297" style="width: 150px" class="wp-caption alignleft"><a href="http://anaisinparis.com/blog/wp-content/uploads/2017/04/Crèche-Ourcq-plans-banquette.jpg"><img loading="lazy" decoding="async" class="wp-image-297 size-thumbnail" title="Repérage du meuble banquette " src="http://anaisinparis.com/blog/wp-content/uploads/2017/04/Crèche-Ourcq-plans-banquette-150x150.jpg" alt="" width="150" height="150" /></a><figcaption id="caption-attachment-297" class="wp-caption-text">Plan de repérage du meuble banquette</figcaption></figure>
<figure id="attachment_296" aria-describedby="caption-attachment-296" style="width: 150px" class="wp-caption alignleft"><a href="http://anaisinparis.com/blog/wp-content/uploads/2017/04/Crèche-Ourcq-coupes-banquette.jpg"><img loading="lazy" decoding="async" class="wp-image-296 size-thumbnail" title="Coupe sur le meuble banquette" src="http://anaisinparis.com/blog/wp-content/uploads/2017/04/Crèche-Ourcq-coupes-banquette-150x150.jpg" alt="" width="150" height="150" /></a><figcaption id="caption-attachment-296" class="wp-caption-text">Coupe sur le meuble banquette</figcaption></figure>
<figure id="attachment_298" aria-describedby="caption-attachment-298" style="width: 150px" class="wp-caption alignleft"><a href="http://anaisinparis.com/blog/wp-content/uploads/2017/04/Crèche-Ourcq-plans-repérage-coussins.jpg"><img loading="lazy" decoding="async" class="wp-image-298 size-thumbnail" title="Repérage des coussins" src="http://anaisinparis.com/blog/wp-content/uploads/2017/04/Crèche-Ourcq-plans-repérage-coussins-150x150.jpg" alt="" width="150" height="150" /></a><figcaption id="caption-attachment-298" class="wp-caption-text">Repérage des coussins sur mesure</figcaption></figure>
<figure id="attachment_295" aria-describedby="caption-attachment-295" style="width: 150px" class="wp-caption alignleft"><a href="http://anaisinparis.com/blog/wp-content/uploads/2017/04/Crèche-Ourcq-Casier-de-rgt-Grand-format.jpg"><img loading="lazy" decoding="async" class="wp-image-295 size-thumbnail" title="Meuble de rangement " src="http://anaisinparis.com/blog/wp-content/uploads/2017/04/Crèche-Ourcq-Casier-de-rgt-Grand-format-150x150.jpg" alt="" width="150" height="150" /></a><figcaption id="caption-attachment-295" class="wp-caption-text">Meuble de rangement pour les Kamishi-Baï</figcaption></figure>
<figure id="attachment_251" aria-describedby="caption-attachment-251" style="width: 150px" class="wp-caption alignleft"><a href="http://anaisinparis.com/blog/wp-content/uploads/2017/04/20160819_114038-e1491668563947.jpg"><img loading="lazy" decoding="async" class="wp-image-251 size-thumbnail" title="Coin repos sur meuble séparatif" src="http://anaisinparis.com/blog/wp-content/uploads/2017/04/20160819_114038-e1491668563947-150x150.jpg" alt="" width="150" height="150" /></a><figcaption id="caption-attachment-251" class="wp-caption-text">Coin repos sur meuble séparatif</figcaption></figure>
<figure id="attachment_250" aria-describedby="caption-attachment-250" style="width: 150px" class="wp-caption alignleft"><a href="http://anaisinparis.com/blog/wp-content/uploads/2017/04/20160819_114023-e1491668571494.jpg"><img loading="lazy" decoding="async" class="wp-image-250 size-thumbnail" title="Coin repos" src="http://anaisinparis.com/blog/wp-content/uploads/2017/04/20160819_114023-e1491668571494-150x150.jpg" alt="" width="150" height="150" /></a><figcaption id="caption-attachment-250" class="wp-caption-text">Coin repos</figcaption></figure>
<p>&nbsp;</p>
<p>&nbsp;</p>
<p>&nbsp;</p>
<p>&nbsp;</p>
<p>&nbsp;</p>
<p>&nbsp;</p>
<p>&nbsp;</p>
<p>&nbsp;</p>
<p>&nbsp;</p>
<p>&nbsp;</p>
<p>&nbsp;</p>
<p>Lors de la réalisation de ce projet, j&rsquo;ai eu affaire à différents corps de métier. L&rsquo;électricien avec lequel j&rsquo;ai  imaginé le positionnement d&rsquo;un ruban Led à l&rsquo;arrière des dossiers de la banquette. Le menuisier, qui m&rsquo;a aidé et apporté des conseils dans la réalisation du meuble banquette. J&rsquo;ai également géré l&rsquo;intégralité des achats et des choix de mobiliers, tels que les tables basses, mais également tous les petits éléments qui contribuent à rendre ce lieu convivial et agréable, par un miroir, composition d&rsquo;un bouquet en fausses fleurs, des vases, de coussins, &#8230;</p>
<p>La conception et la réalisation de ce projet c&rsquo;est étalé de début Juillet 2016 à fin Août 2016.</p>

<p>Aménagement d&rsquo;un nouveau coin salon banquette dans la salle de pause de la crèche de&#8230;</p>
<div class="more-link-wrapper"><a class="more-link" href="https://anaisinparis.com/blog/index.php/realisation-architecturale/rehabilitation-salles-de-pauses/creche-de-ourcq/">Read the post<span class="screen-reader-text">CRECHE DE OURCQ</span></a></div>
