{"id":487,"date":"2018-08-23T14:43:09","date_gmt":"2018-08-23T12:43:09","guid":{"rendered":"http:\/\/anaisinparis.com\/blog\/?page_id=487"},"modified":"2018-08-25T14:39:58","modified_gmt":"2018-08-25T12:39:58","slug":"etablissement-daccueil-de-la-petite-enfance","status":"publish","type":"page","link":"https:\/\/anaisinparis.com\/blog\/index.php\/architecture\/etablissement-daccueil-de-la-petite-enfance\/","title":{"rendered":"ETABLISSEMENT D&rsquo;ACCUEIL DE LA PETITE ENFANCE"},"content":{"rendered":"<p>L&rsquo;\u00e9veil par l&rsquo;espace &#8211; Projet de Fin d&rsquo;Etude (PFE) de Master 2 en Architecture &#8211; Juillet 2018<\/p>\n<p>La d\u00e9marche du projet que j&rsquo;ai pr\u00e9sent\u00e9 \u00e0 l&rsquo;occasion de mon dipl\u00f4me (PFE Master 2 en architecture), r\u00e9sulte de la continuit\u00e9 d&rsquo;une pens\u00e9e que j&rsquo;ai construite tout au long du cycle Master. Tout d&rsquo;abord par un heureux hasard, je me suis confront\u00e9e \u00e0 l&rsquo;architecture des cr\u00e8ches gr\u00e2ce \u00e0 une opportunit\u00e9 au sein de l&rsquo;association La Maison Kangourou, qui m&rsquo;a donn\u00e9e la chance de travailler au c\u0153ur de l&rsquo;am\u00e9nagement et du fonctionnement de ses 24 cr\u00e8ches. Ainsi je suis arriv\u00e9e \u00e0 la r\u00e9daction d&rsquo;un m\u00e9moire, dans le cadre de l&rsquo;exercice du S\u00e9minaire de Master, dont la probl\u00e9matique rapprochait conception architecturale et d\u00e9veloppement de l&rsquo;enfant par l&rsquo;exp\u00e9rimentation spatiale et sensorielle. Cette probl\u00e9matique r\u00e9sulte d&rsquo;un constat observ\u00e9 au c\u0153ur de mon travail pour les cr\u00e8ches : il existe un projet p\u00e9dagogique qualitatif moteur de la cr\u00e9ation d&rsquo;un \u00e9tablissement, qui est ensuite peu, voire pas mis en corr\u00e9lation avec le projet architectural en conformit\u00e9 avec les normes et les besoins s\u00e9curitaires. Je vais vous pr\u00e9senter ici ma d\u00e9marche \u00e9tape par \u00e9tape de mani\u00e8re succincte et introductive. En cliquant sur les titres des parties vous pourrez acc\u00e9der \u00e0 des pages plus d\u00e9taill\u00e9es.<\/p>\n<h3><a href=\"http:\/\/anaisinparis.com\/blog\/index.php\/architecture\/etablissement-daccueil-de-la-petite-enfance\/leveil-par-lespace\/\">L&rsquo;\u00e9veil par l&rsquo;espace<\/a><\/h3>\n<p>&nbsp;<\/p>\n<h3><a href=\"http:\/\/anaisinparis.com\/blog\/index.php\/architecture\/etablissement-daccueil-de-la-petite-enfance\/le-grand-paris-chelles-77\/\">Le Grand Paris : Chelles (77)<\/a><\/h3>\n<p>&nbsp;<\/p>\n<h3><a href=\"http:\/\/anaisinparis.com\/blog\/index.php\/architecture\/etablissement-daccueil-de-la-petite-enfance\/interpretation-architecturale\/\">Interpr\u00e9tation architecturale<\/a><\/h3>\n<p>&nbsp;<\/p>\n<h3><a href=\"http:\/\/anaisinparis.com\/blog\/index.php\/architecture\/etablissement-daccueil-de-la-petite-enfance\/architecture-pour-lenfance\/\">Architecture pour l&rsquo;enfance<\/a><\/h3>\n<p>&nbsp;<\/p>\n<p>&nbsp;<\/p>\n<p><a href=\"http:\/\/anaisinparis.com\/blog\/wp-content\/uploads\/2018\/08\/M2S10_PFE_PlancheAnalyse-1.jpg\"><img loading=\"lazy\" decoding=\"async\" class=\"alignnone wp-image-473 size-thumbnail\" src=\"http:\/\/anaisinparis.com\/blog\/wp-content\/uploads\/2018\/08\/M2S10_PFE_PlancheAnalyse-1-150x150.jpg\" alt=\"\" width=\"150\" height=\"150\" \/><\/a> \u00a0 <a href=\"http:\/\/anaisinparis.com\/blog\/wp-content\/uploads\/2018\/08\/M2S10_PFE_PlancheCoupes.jpg\"><img loading=\"lazy\" decoding=\"async\" class=\"alignnone wp-image-474 size-thumbnail\" src=\"http:\/\/anaisinparis.com\/blog\/wp-content\/uploads\/2018\/08\/M2S10_PFE_PlancheCoupes-150x150.jpg\" alt=\"\" width=\"150\" height=\"150\" \/><\/a><\/p>\n<figure id=\"attachment_462\" aria-describedby=\"caption-attachment-462\" style=\"width: 150px\" class=\"wp-caption alignleft\"><a href=\"http:\/\/anaisinparis.com\/blog\/wp-content\/uploads\/2018\/08\/M2S10_PFE_Pers1_entr\u00e9e.jpg\"><img loading=\"lazy\" decoding=\"async\" class=\"wp-image-462 size-thumbnail\" src=\"http:\/\/anaisinparis.com\/blog\/wp-content\/uploads\/2018\/08\/M2S10_PFE_Pers1_entr\u00e9e-150x150.jpg\" alt=\"\" width=\"150\" height=\"150\" \/><\/a><figcaption id=\"caption-attachment-462\" class=\"wp-caption-text\">Conception de l&rsquo;entr\u00e9e par un d\u00e9crochement cr\u00e9ant un parvis devant l&rsquo;espace d&rsquo;entr\u00e9e. Le d\u00e9collement de la toiture invite \u00e0 entrer dans la cr\u00e8che.<\/figcaption><\/figure>\n<figure id=\"attachment_463\" aria-describedby=\"caption-attachment-463\" style=\"width: 150px\" class=\"wp-caption alignleft\"><a href=\"http:\/\/anaisinparis.com\/blog\/wp-content\/uploads\/2018\/08\/M2S10_PFE_Pers2_entr\u00e9e.jpg\"><img loading=\"lazy\" decoding=\"async\" class=\"wp-image-463 size-thumbnail\" src=\"http:\/\/anaisinparis.com\/blog\/wp-content\/uploads\/2018\/08\/M2S10_PFE_Pers2_entr\u00e9e-150x150.jpg\" alt=\"\" width=\"150\" height=\"150\" \/><\/a><figcaption id=\"caption-attachment-463\" class=\"wp-caption-text\">Conception de l&rsquo;entr\u00e9e par un d\u00e9crochement cr\u00e9ant un parvis devant l&rsquo;espace d&rsquo;entr\u00e9e. Le d\u00e9collement de la toiture invite \u00e0 entrer dans la cr\u00e8che.<\/figcaption><\/figure>\n<figure id=\"attachment_464\" aria-describedby=\"caption-attachment-464\" style=\"width: 150px\" class=\"wp-caption alignleft\"><a href=\"http:\/\/anaisinparis.com\/blog\/wp-content\/uploads\/2018\/08\/M2S10_PFE_Pers3_hall.jpg\"><img loading=\"lazy\" decoding=\"async\" class=\"wp-image-464 size-thumbnail\" src=\"http:\/\/anaisinparis.com\/blog\/wp-content\/uploads\/2018\/08\/M2S10_PFE_Pers3_hall-150x150.jpg\" alt=\"\" width=\"150\" height=\"150\" \/><\/a><figcaption id=\"caption-attachment-464\" class=\"wp-caption-text\">Le point bas de la toiture permet de faire une distinction entre les 2 espaces d\u00e9di\u00e9s aux enfants et la r\u00e9partition des groupes.<\/figcaption><\/figure>\n<figure id=\"attachment_465\" aria-describedby=\"caption-attachment-465\" style=\"width: 150px\" class=\"wp-caption alignleft\"><a href=\"http:\/\/anaisinparis.com\/blog\/wp-content\/uploads\/2018\/08\/M2S10_PFE_Pers4_b\u00e9b\u00e9s.jpg\"><img loading=\"lazy\" decoding=\"async\" class=\"wp-image-465 size-thumbnail\" src=\"http:\/\/anaisinparis.com\/blog\/wp-content\/uploads\/2018\/08\/M2S10_PFE_Pers4_b\u00e9b\u00e9s-150x150.jpg\" alt=\"\" width=\"150\" height=\"150\" \/><\/a><figcaption id=\"caption-attachment-465\" class=\"wp-caption-text\">D\u00e9di\u00e9 aux enfant peu mobile et de petite taille. Cr\u00e9ation d&rsquo;un espace proposant des diff\u00e9rence de hauteur et de luminosit\u00e9 pour permettre le repos et l&rsquo;\u00e9veil.<\/figcaption><\/figure>\n<p><a href=\"http:\/\/anaisinparis.com\/blog\/wp-content\/uploads\/2018\/08\/M2S10_PFE_Pers5_th\u00e9\u00e2tre.jpg\"><img loading=\"lazy\" decoding=\"async\" class=\"alignleft wp-image-466 size-thumbnail\" src=\"http:\/\/anaisinparis.com\/blog\/wp-content\/uploads\/2018\/08\/M2S10_PFE_Pers5_th\u00e9\u00e2tre-150x150.jpg\" alt=\"\" width=\"150\" height=\"150\" \/><\/a> <a href=\"http:\/\/anaisinparis.com\/blog\/wp-content\/uploads\/2018\/08\/M2S10_PFE_Pers6_th\u00e9\u00e2tre.jpg\"><img loading=\"lazy\" decoding=\"async\" class=\"alignleft wp-image-467 size-thumbnail\" src=\"http:\/\/anaisinparis.com\/blog\/wp-content\/uploads\/2018\/08\/M2S10_PFE_Pers6_th\u00e9\u00e2tre-150x150.jpg\" alt=\"\" width=\"150\" height=\"150\" \/><\/a> <a href=\"http:\/\/anaisinparis.com\/blog\/wp-content\/uploads\/2018\/08\/M2S10_PFE_Pers7-motricit\u00e9.jpg\"><img loading=\"lazy\" decoding=\"async\" class=\"alignleft wp-image-468 size-thumbnail\" src=\"http:\/\/anaisinparis.com\/blog\/wp-content\/uploads\/2018\/08\/M2S10_PFE_Pers7-motricit\u00e9-150x150.jpg\" alt=\"\" width=\"150\" height=\"150\" \/><\/a> <a href=\"http:\/\/anaisinparis.com\/blog\/wp-content\/uploads\/2018\/08\/M2S10_PFE_Pers8-motricit\u00e9.jpg\"><img loading=\"lazy\" decoding=\"async\" class=\"alignleft wp-image-469 size-thumbnail\" src=\"http:\/\/anaisinparis.com\/blog\/wp-content\/uploads\/2018\/08\/M2S10_PFE_Pers8-motricit\u00e9-150x150.jpg\" alt=\"\" width=\"150\" height=\"150\" \/><\/a> <a href=\"http:\/\/anaisinparis.com\/blog\/wp-content\/uploads\/2018\/08\/M2S10_PFE_Pers9-jardin.jpg\"><img loading=\"lazy\" decoding=\"async\" class=\"alignleft wp-image-470 size-thumbnail\" src=\"http:\/\/anaisinparis.com\/blog\/wp-content\/uploads\/2018\/08\/M2S10_PFE_Pers9-jardin-150x150.jpg\" alt=\"\" width=\"150\" height=\"150\" \/><\/a> <a href=\"http:\/\/anaisinparis.com\/blog\/wp-content\/uploads\/2018\/08\/M2S10_PFE_Pers11-jardin.jpg\"><img loading=\"lazy\" decoding=\"async\" class=\"alignleft wp-image-471 size-thumbnail\" src=\"http:\/\/anaisinparis.com\/blog\/wp-content\/uploads\/2018\/08\/M2S10_PFE_Pers11-jardin-150x150.jpg\" alt=\"\" width=\"150\" height=\"150\" \/><\/a><\/p>\n","protected":false},"excerpt":{"rendered":"<p>L&rsquo;\u00e9veil par l&rsquo;espace &#8211; Projet de Fin d&rsquo;Etude (PFE) de Master 2 en Architecture &#8211;&#8230;<\/p>\n<div class=\"more-link-wrapper\"><a class=\"more-link\" href=\"https:\/\/anaisinparis.com\/blog\/index.php\/architecture\/etablissement-daccueil-de-la-petite-enfance\/\">Read the post<span class=\"screen-reader-text\">ETABLISSEMENT D&rsquo;ACCUEIL DE LA PETITE ENFANCE<\/span><\/a><\/div>\n","protected":false},"author":1,"featured_media":468,"parent":78,"menu_order":0,"comment_status":"closed","ping_status":"closed","template":"","meta":{"iawp_total_views":11,"footnotes":""},"class_list":["post-487","page","type-page","status-publish","has-post-thumbnail","hentry","excerpt","full-without-featured","even","excerpt-0"],"_links":{"self":[{"href":"https:\/\/anaisinparis.com\/blog\/index.php\/wp-json\/wp\/v2\/pages\/487","targetHints":{"allow":["GET"]}}],"collection":[{"href":"https:\/\/anaisinparis.com\/blog\/index.php\/wp-json\/wp\/v2\/pages"}],"about":[{"href":"https:\/\/anaisinparis.com\/blog\/index.php\/wp-json\/wp\/v2\/types\/page"}],"author":[{"embeddable":true,"href":"https:\/\/anaisinparis.com\/blog\/index.php\/wp-json\/wp\/v2\/users\/1"}],"replies":[{"embeddable":true,"href":"https:\/\/anaisinparis.com\/blog\/index.php\/wp-json\/wp\/v2\/comments?post=487"}],"version-history":[{"count":18,"href":"https:\/\/anaisinparis.com\/blog\/index.php\/wp-json\/wp\/v2\/pages\/487\/revisions"}],"predecessor-version":[{"id":567,"href":"https:\/\/anaisinparis.com\/blog\/index.php\/wp-json\/wp\/v2\/pages\/487\/revisions\/567"}],"up":[{"embeddable":true,"href":"https:\/\/anaisinparis.com\/blog\/index.php\/wp-json\/wp\/v2\/pages\/78"}],"wp:featuredmedia":[{"embeddable":true,"href":"https:\/\/anaisinparis.com\/blog\/index.php\/wp-json\/wp\/v2\/media\/468"}],"wp:attachment":[{"href":"https:\/\/anaisinparis.com\/blog\/index.php\/wp-json\/wp\/v2\/media?parent=487"}],"curies":[{"name":"wp","href":"https:\/\/api.w.org\/{rel}","templated":true}]}}

<p>L&rsquo;éveil par l&rsquo;espace &#8211; Projet de Fin d&rsquo;Etude (PFE) de Master 2 en Architecture &#8211; Juillet 2018</p>
<p>La démarche du projet que j&rsquo;ai présenté à l&rsquo;occasion de mon diplôme (PFE Master 2 en architecture), résulte de la continuité d&rsquo;une pensée que j&rsquo;ai construite tout au long du cycle Master. Tout d&rsquo;abord par un heureux hasard, je me suis confrontée à l&rsquo;architecture des crèches grâce à une opportunité au sein de l&rsquo;association La Maison Kangourou, qui m&rsquo;a donnée la chance de travailler au cœur de l&rsquo;aménagement et du fonctionnement de ses 24 crèches. Ainsi je suis arrivée à la rédaction d&rsquo;un mémoire, dans le cadre de l&rsquo;exercice du Séminaire de Master, dont la problématique rapprochait conception architecturale et développement de l&rsquo;enfant par l&rsquo;expérimentation spatiale et sensorielle. Cette problématique résulte d&rsquo;un constat observé au cœur de mon travail pour les crèches : il existe un projet pédagogique qualitatif moteur de la création d&rsquo;un établissement, qui est ensuite peu, voire pas mis en corrélation avec le projet architectural en conformité avec les normes et les besoins sécuritaires. Je vais vous présenter ici ma démarche étape par étape de manière succincte et introductive. En cliquant sur les titres des parties vous pourrez accéder à des pages plus détaillées.</p>
<h3><a href="http://anaisinparis.com/blog/index.php/architecture/etablissement-daccueil-de-la-petite-enfance/leveil-par-lespace/">L&rsquo;éveil par l&rsquo;espace</a></h3>
<p>&nbsp;</p>
<h3><a href="http://anaisinparis.com/blog/index.php/architecture/etablissement-daccueil-de-la-petite-enfance/le-grand-paris-chelles-77/">Le Grand Paris : Chelles (77)</a></h3>
<p>&nbsp;</p>
<h3><a href="http://anaisinparis.com/blog/index.php/architecture/etablissement-daccueil-de-la-petite-enfance/interpretation-architecturale/">Interprétation architecturale</a></h3>
<p>&nbsp;</p>
<h3><a href="http://anaisinparis.com/blog/index.php/architecture/etablissement-daccueil-de-la-petite-enfance/architecture-pour-lenfance/">Architecture pour l&rsquo;enfance</a></h3>
<p>&nbsp;</p>
<p>&nbsp;</p>
<p><a href="http://anaisinparis.com/blog/wp-content/uploads/2018/08/M2S10_PFE_PlancheAnalyse-1.jpg"><img loading="lazy" decoding="async" class="alignnone wp-image-473 size-thumbnail" src="http://anaisinparis.com/blog/wp-content/uploads/2018/08/M2S10_PFE_PlancheAnalyse-1-150x150.jpg" alt="" width="150" height="150" /></a>   <a href="http://anaisinparis.com/blog/wp-content/uploads/2018/08/M2S10_PFE_PlancheCoupes.jpg"><img loading="lazy" decoding="async" class="alignnone wp-image-474 size-thumbnail" src="http://anaisinparis.com/blog/wp-content/uploads/2018/08/M2S10_PFE_PlancheCoupes-150x150.jpg" alt="" width="150" height="150" /></a></p>
<figure id="attachment_462" aria-describedby="caption-attachment-462" style="width: 150px" class="wp-caption alignleft"><a href="http://anaisinparis.com/blog/wp-content/uploads/2018/08/M2S10_PFE_Pers1_entrée.jpg"><img loading="lazy" decoding="async" class="wp-image-462 size-thumbnail" src="http://anaisinparis.com/blog/wp-content/uploads/2018/08/M2S10_PFE_Pers1_entrée-150x150.jpg" alt="" width="150" height="150" /></a><figcaption id="caption-attachment-462" class="wp-caption-text">Conception de l&rsquo;entrée par un décrochement créant un parvis devant l&rsquo;espace d&rsquo;entrée. Le décollement de la toiture invite à entrer dans la crèche.</figcaption></figure>
<figure id="attachment_463" aria-describedby="caption-attachment-463" style="width: 150px" class="wp-caption alignleft"><a href="http://anaisinparis.com/blog/wp-content/uploads/2018/08/M2S10_PFE_Pers2_entrée.jpg"><img loading="lazy" decoding="async" class="wp-image-463 size-thumbnail" src="http://anaisinparis.com/blog/wp-content/uploads/2018/08/M2S10_PFE_Pers2_entrée-150x150.jpg" alt="" width="150" height="150" /></a><figcaption id="caption-attachment-463" class="wp-caption-text">Conception de l&rsquo;entrée par un décrochement créant un parvis devant l&rsquo;espace d&rsquo;entrée. Le décollement de la toiture invite à entrer dans la crèche.</figcaption></figure>
<figure id="attachment_464" aria-describedby="caption-attachment-464" style="width: 150px" class="wp-caption alignleft"><a href="http://anaisinparis.com/blog/wp-content/uploads/2018/08/M2S10_PFE_Pers3_hall.jpg"><img loading="lazy" decoding="async" class="wp-image-464 size-thumbnail" src="http://anaisinparis.com/blog/wp-content/uploads/2018/08/M2S10_PFE_Pers3_hall-150x150.jpg" alt="" width="150" height="150" /></a><figcaption id="caption-attachment-464" class="wp-caption-text">Le point bas de la toiture permet de faire une distinction entre les 2 espaces dédiés aux enfants et la répartition des groupes.</figcaption></figure>
<figure id="attachment_465" aria-describedby="caption-attachment-465" style="width: 150px" class="wp-caption alignleft"><a href="http://anaisinparis.com/blog/wp-content/uploads/2018/08/M2S10_PFE_Pers4_bébés.jpg"><img loading="lazy" decoding="async" class="wp-image-465 size-thumbnail" src="http://anaisinparis.com/blog/wp-content/uploads/2018/08/M2S10_PFE_Pers4_bébés-150x150.jpg" alt="" width="150" height="150" /></a><figcaption id="caption-attachment-465" class="wp-caption-text">Dédié aux enfant peu mobile et de petite taille. Création d&rsquo;un espace proposant des différence de hauteur et de luminosité pour permettre le repos et l&rsquo;éveil.</figcaption></figure>
<p><a href="http://anaisinparis.com/blog/wp-content/uploads/2018/08/M2S10_PFE_Pers5_théâtre.jpg"><img loading="lazy" decoding="async" class="alignleft wp-image-466 size-thumbnail" src="http://anaisinparis.com/blog/wp-content/uploads/2018/08/M2S10_PFE_Pers5_théâtre-150x150.jpg" alt="" width="150" height="150" /></a> <a href="http://anaisinparis.com/blog/wp-content/uploads/2018/08/M2S10_PFE_Pers6_théâtre.jpg"><img loading="lazy" decoding="async" class="alignleft wp-image-467 size-thumbnail" src="http://anaisinparis.com/blog/wp-content/uploads/2018/08/M2S10_PFE_Pers6_théâtre-150x150.jpg" alt="" width="150" height="150" /></a> <a href="http://anaisinparis.com/blog/wp-content/uploads/2018/08/M2S10_PFE_Pers7-motricité.jpg"><img loading="lazy" decoding="async" class="alignleft wp-image-468 size-thumbnail" src="http://anaisinparis.com/blog/wp-content/uploads/2018/08/M2S10_PFE_Pers7-motricité-150x150.jpg" alt="" width="150" height="150" /></a> <a href="http://anaisinparis.com/blog/wp-content/uploads/2018/08/M2S10_PFE_Pers8-motricité.jpg"><img loading="lazy" decoding="async" class="alignleft wp-image-469 size-thumbnail" src="http://anaisinparis.com/blog/wp-content/uploads/2018/08/M2S10_PFE_Pers8-motricité-150x150.jpg" alt="" width="150" height="150" /></a> <a href="http://anaisinparis.com/blog/wp-content/uploads/2018/08/M2S10_PFE_Pers9-jardin.jpg"><img loading="lazy" decoding="async" class="alignleft wp-image-470 size-thumbnail" src="http://anaisinparis.com/blog/wp-content/uploads/2018/08/M2S10_PFE_Pers9-jardin-150x150.jpg" alt="" width="150" height="150" /></a> <a href="http://anaisinparis.com/blog/wp-content/uploads/2018/08/M2S10_PFE_Pers11-jardin.jpg"><img loading="lazy" decoding="async" class="alignleft wp-image-471 size-thumbnail" src="http://anaisinparis.com/blog/wp-content/uploads/2018/08/M2S10_PFE_Pers11-jardin-150x150.jpg" alt="" width="150" height="150" /></a></p>

<p>L&rsquo;éveil par l&rsquo;espace &#8211; Projet de Fin d&rsquo;Etude (PFE) de Master 2 en Architecture &#8211;&#8230;</p>
<div class="more-link-wrapper"><a class="more-link" href="https://anaisinparis.com/blog/index.php/architecture/etablissement-daccueil-de-la-petite-enfance/">Read the post<span class="screen-reader-text">ETABLISSEMENT D&rsquo;ACCUEIL DE LA PETITE ENFANCE</span></a></div>
