{"id":96,"date":"2017-04-07T18:41:48","date_gmt":"2017-04-07T16:41:48","guid":{"rendered":"http:\/\/anaisinparis.com\/blog\/?page_id=96"},"modified":"2023-03-25T11:00:48","modified_gmt":"2023-03-25T10:00:48","slug":"cv","status":"publish","type":"page","link":"https:\/\/anaisinparis.com\/blog\/index.php\/cv\/","title":{"rendered":"Qui suis-je ?"},"content":{"rendered":"<p>Dipl\u00f4m\u00e9e d&rsquo;un Master en Architecture (juillet 2018), Mes exp\u00e9riences et mes \u00e9tudes m&rsquo;ont permis d&rsquo;acqu\u00e9rir des comp\u00e9tences vari\u00e9es pour le monde professionnel. Tout d&rsquo;abord, un sens de la conception de projets dans leurs globalit\u00e9 : de l&rsquo;int\u00e9gration urbaine, en passant par l&rsquo;am\u00e9nagement int\u00e9rieur jusqu&rsquo;aux aspects constructifs. De plus, \u00e0 travers mes exp\u00e9riences professionnelles, j&rsquo;ai acquis et d\u00e9velopp\u00e9 mes comp\u00e9tences en suivi de chantier et en mise en \u0153uvre de projet, de la conception jusqu&rsquo;\u00e0 la livraison. La partie du projet que je ma\u00eetrise le moins est la budg\u00e9tisation, qui ne nous ait malheureusement pas enseign\u00e9e au cours de nos \u00e9tudes d&rsquo;architecture et qui est une phase que je n&rsquo;ai pas eu l&rsquo;occasion d&rsquo;aborder au cours de mes diff\u00e9rentes exp\u00e9riences professionnelles. Je suis cependant d\u00e9sireuse d&rsquo;apprendre et tr\u00e8s motiv\u00e9e pour acqu\u00e9rir et d\u00e9velopper de nouvelles comp\u00e9tences.<\/p>\n<p>Vous trouverez gr\u00e2ce au lien suivant mon CV qu&rsquo;il vous est possible de t\u00e9l\u00e9charger.<\/p>\n<p>T\u00e9l\u00e9charger :\u00a0<a href=\"http:\/\/anaisinparis.com\/blog\/wp-content\/uploads\/2018\/09\/CV_AnaisROGEMONT_2018.pdf\">CV_AnaisROGEMONT_2018<\/a><\/p>\n<p>Si vous \u00eates int\u00e9ress\u00e9(e) par mon profil, je serais ravie de r\u00e9pondre \u00e0 un \u00e9ventuel courriel ou appel<br \/>\nanais.rogemont@gmail.com &#8211; 06.72.13.88.59<\/p>\n","protected":false},"excerpt":{"rendered":"<p>Dipl\u00f4m\u00e9e d&rsquo;un Master en Architecture (juillet 2018), Mes exp\u00e9riences et mes \u00e9tudes m&rsquo;ont permis d&rsquo;acqu\u00e9rir&#8230;<\/p>\n<div class=\"more-link-wrapper\"><a class=\"more-link\" href=\"https:\/\/anaisinparis.com\/blog\/index.php\/cv\/\">Read the post<span class=\"screen-reader-text\">Qui suis-je ?<\/span><\/a><\/div>\n","protected":false},"author":1,"featured_media":0,"parent":0,"menu_order":0,"comment_status":"closed","ping_status":"closed","template":"","meta":{"iawp_total_views":108,"footnotes":""},"class_list":["post-96","page","type-page","status-publish","hentry","excerpt","full-without-featured","even","excerpt-0"],"_links":{"self":[{"href":"https:\/\/anaisinparis.com\/blog\/index.php\/wp-json\/wp\/v2\/pages\/96","targetHints":{"allow":["GET"]}}],"collection":[{"href":"https:\/\/anaisinparis.com\/blog\/index.php\/wp-json\/wp\/v2\/pages"}],"about":[{"href":"https:\/\/anaisinparis.com\/blog\/index.php\/wp-json\/wp\/v2\/types\/page"}],"author":[{"embeddable":true,"href":"https:\/\/anaisinparis.com\/blog\/index.php\/wp-json\/wp\/v2\/users\/1"}],"replies":[{"embeddable":true,"href":"https:\/\/anaisinparis.com\/blog\/index.php\/wp-json\/wp\/v2\/comments?post=96"}],"version-history":[{"count":12,"href":"https:\/\/anaisinparis.com\/blog\/index.php\/wp-json\/wp\/v2\/pages\/96\/revisions"}],"predecessor-version":[{"id":657,"href":"https:\/\/anaisinparis.com\/blog\/index.php\/wp-json\/wp\/v2\/pages\/96\/revisions\/657"}],"wp:attachment":[{"href":"https:\/\/anaisinparis.com\/blog\/index.php\/wp-json\/wp\/v2\/media?parent=96"}],"curies":[{"name":"wp","href":"https:\/\/api.w.org\/{rel}","templated":true}]}}

<p>Diplômée d&rsquo;un Master en Architecture (juillet 2018), Mes expériences et mes études m&rsquo;ont permis d&rsquo;acquérir des compétences variées pour le monde professionnel. Tout d&rsquo;abord, un sens de la conception de projets dans leurs globalité : de l&rsquo;intégration urbaine, en passant par l&rsquo;aménagement intérieur jusqu&rsquo;aux aspects constructifs. De plus, à travers mes expériences professionnelles, j&rsquo;ai acquis et développé mes compétences en suivi de chantier et en mise en œuvre de projet, de la conception jusqu&rsquo;à la livraison. La partie du projet que je maîtrise le moins est la budgétisation, qui ne nous ait malheureusement pas enseignée au cours de nos études d&rsquo;architecture et qui est une phase que je n&rsquo;ai pas eu l&rsquo;occasion d&rsquo;aborder au cours de mes différentes expériences professionnelles. Je suis cependant désireuse d&rsquo;apprendre et très motivée pour acquérir et développer de nouvelles compétences.</p>
<p>Vous trouverez grâce au lien suivant mon CV qu&rsquo;il vous est possible de télécharger.</p>
<p>Télécharger : <a href="http://anaisinparis.com/blog/wp-content/uploads/2018/09/CV_AnaisROGEMONT_2018.pdf">CV_AnaisROGEMONT_2018</a></p>
<p>Si vous êtes intéressé(e) par mon profil, je serais ravie de répondre à un éventuel courriel ou appel<br />
anais.rogemont@gmail.com &#8211; 06.72.13.88.59</p>

<p>Diplômée d&rsquo;un Master en Architecture (juillet 2018), Mes expériences et mes études m&rsquo;ont permis d&rsquo;acquérir&#8230;</p>
<div class="more-link-wrapper"><a class="more-link" href="https://anaisinparis.com/blog/index.php/cv/">Read the post<span class="screen-reader-text">Qui suis-je ?</span></a></div>
